Last updated on 2025-07-17 02:49:30 CEST.
Flavor | Version | Tinstall | Tcheck | Ttotal | Status | Flags |
---|---|---|---|---|---|---|
r-devel-linux-x86_64-debian-clang | 1.0 | 30.52 | 33.03 | 63.55 | NOTE | |
r-devel-linux-x86_64-debian-gcc | 1.0 | 23.29 | 23.96 | 47.25 | NOTE | |
r-devel-linux-x86_64-fedora-clang | 1.0 | 109.56 | OK | |||
r-devel-linux-x86_64-fedora-gcc | 1.0 | 107.19 | OK | |||
r-devel-windows-x86_64 | 1.0 | 34.00 | 70.00 | 104.00 | OK | |
r-patched-linux-x86_64 | 1.0 | 31.08 | 35.55 | 66.63 | OK | |
r-release-linux-x86_64 | 1.0 | 31.58 | 30.77 | 62.35 | OK | |
r-release-macos-arm64 | 1.0 | 32.00 | OK | |||
r-release-macos-x86_64 | 1.0 | 55.00 | OK | |||
r-release-windows-x86_64 | 1.0 | 38.00 | 67.00 | 105.00 | OK | |
r-oldrel-macos-arm64 | 1.0 | 31.00 | OK | |||
r-oldrel-macos-x86_64 | 1.0 | 44.00 | OK | |||
r-oldrel-windows-x86_64 | 1.0 | 41.00 | 84.00 | 125.00 | OK |
Version: 1.0
Check: CRAN incoming feasibility
Result: NOTE
Maintainer: ‘Kuo-Jung Lee <kuojunglee@mail.ncku.edu.tw>’
No Authors@R field in DESCRIPTION.
Please add one, modifying
Authors@R: person(given = "Kuo-Jung",
family = "Lee",
role = c("aut", "cre"),
email = "kuojunglee@mail.ncku.edu.tw")
as necessary.
Flavors: r-devel-linux-x86_64-debian-clang, r-devel-linux-x86_64-debian-gcc