CRAN Package Check Results for Package MLmetrics

Last updated on 2025-02-11 01:49:13 CET.

Flavor Version Tinstall Tcheck Ttotal Status Flags
r-devel-linux-x86_64-debian-clang 1.1.3 2.07 20.07 22.14 OK
r-devel-linux-x86_64-debian-gcc 1.1.3 1.70 17.06 18.76 OK
r-devel-linux-x86_64-fedora-clang 1.1.3 36.05 NOTE
r-devel-linux-x86_64-fedora-gcc 1.1.3 34.03 NOTE
r-devel-windows-x86_64 1.1.3 3.00 46.00 49.00 OK
r-patched-linux-x86_64 1.1.3 2.48 19.29 21.77 OK
r-release-linux-x86_64 1.1.3 1.95 19.17 21.12 OK
r-release-macos-arm64 1.1.3 16.00 OK
r-release-macos-x86_64 1.1.3 23.00 OK
r-release-windows-x86_64 1.1.3 3.00 47.00 50.00 OK
r-oldrel-macos-arm64 1.1.3 20.00 OK
r-oldrel-macos-x86_64 1.1.3 30.00 OK
r-oldrel-windows-x86_64 1.1.3 4.00 52.00 56.00 OK

Check Details

Version: 1.1.3
Check: dependencies in R code
Result: NOTE Namespace in Imports field not imported from: ‘utils’ All declared Imports should be used. Flavors: r-devel-linux-x86_64-fedora-clang, r-devel-linux-x86_64-fedora-gcc