Last updated on 2025-05-04 02:50:11 CEST.
Flavor | Version | Tinstall | Tcheck | Ttotal | Status | Flags |
---|---|---|---|---|---|---|
r-devel-linux-x86_64-debian-clang | 1.0.1 | 1.60 | 20.48 | 22.08 | NOTE | |
r-devel-linux-x86_64-debian-gcc | 1.0.1 | 1.44 | 16.57 | 18.01 | NOTE | |
r-devel-linux-x86_64-fedora-clang | 1.0.1 | 34.84 | OK | |||
r-devel-linux-x86_64-fedora-gcc | 1.0.1 | 35.36 | OK | |||
r-devel-windows-x86_64 | 1.0.1 | 2.00 | 40.00 | 42.00 | OK | |
r-patched-linux-x86_64 | 1.0.1 | 1.93 | 19.75 | 21.68 | OK | |
r-release-linux-x86_64 | OK | |||||
r-release-macos-arm64 | 1.0.1 | 16.00 | OK | |||
r-release-macos-x86_64 | 1.0.1 | 25.00 | OK | |||
r-release-windows-x86_64 | 1.0.1 | 4.00 | 40.00 | 44.00 | OK | |
r-oldrel-macos-arm64 | 1.0.1 | 15.00 | OK | |||
r-oldrel-macos-x86_64 | 1.0.1 | 21.00 | OK | |||
r-oldrel-windows-x86_64 | 1.0.1 | 4.00 | 39.00 | 43.00 | OK |
Version: 1.0.1
Check: CRAN incoming feasibility
Result: NOTE
Maintainer: ‘Jan Graffelman <jan.graffelman@upc.edu>’
Package CITATION file contains call(s) to old-style personList() or
as.personList(). Please use c() on person objects instead.
Package CITATION file contains call(s) to old-style citEntry(). Please
use bibentry() instead.
Flavors: r-devel-linux-x86_64-debian-clang, r-devel-linux-x86_64-debian-gcc