Last updated on 2025-05-04 02:50:11 CEST.
Flavor | Version | Tinstall | Tcheck | Ttotal | Status | Flags |
---|---|---|---|---|---|---|
r-devel-linux-x86_64-debian-clang | 1.0.1 | 3.49 | 31.12 | 34.61 | NOTE | |
r-devel-linux-x86_64-debian-gcc | 1.0.1 | 2.77 | 23.13 | 25.90 | NOTE | |
r-devel-linux-x86_64-fedora-clang | 1.0.1 | 53.79 | NOTE | |||
r-devel-linux-x86_64-fedora-gcc | 1.0.1 | 50.47 | NOTE | |||
r-devel-windows-x86_64 | 1.0.1 | 5.00 | 51.00 | 56.00 | NOTE | |
r-patched-linux-x86_64 | 1.0.1 | 4.07 | 28.69 | 32.76 | NOTE | |
r-release-linux-x86_64 | NOTE | |||||
r-release-macos-arm64 | 1.0.1 | 19.00 | NOTE | |||
r-release-macos-x86_64 | 1.0.1 | 33.00 | NOTE | |||
r-release-windows-x86_64 | 1.0.1 | 5.00 | 51.00 | 56.00 | NOTE | |
r-oldrel-macos-arm64 | 1.0.1 | 20.00 | OK | |||
r-oldrel-macos-x86_64 | 1.0.1 | 33.00 | OK | |||
r-oldrel-windows-x86_64 | 1.0.1 | 6.00 | 58.00 | 64.00 | OK |
Version: 1.0.1
Check: DESCRIPTION meta-information
Result: NOTE
Missing dependency on R >= 4.1.0 because package code uses the pipe
|> or function shorthand \(...) syntax added in R 4.1.0.
File(s) using such syntax:
‘Search.R’ ‘mood.R’
Flavors: r-devel-linux-x86_64-debian-clang, r-devel-linux-x86_64-debian-gcc, r-devel-linux-x86_64-fedora-clang, r-devel-linux-x86_64-fedora-gcc, r-devel-windows-x86_64, r-patched-linux-x86_64, r-release-linux-x86_64, r-release-macos-arm64, r-release-macos-x86_64, r-release-windows-x86_64