Last updated on 2024-07-27 01:53:17 CEST.
Flavor | Version | Tinstall | Tcheck | Ttotal | Status | Flags |
---|---|---|---|---|---|---|
r-devel-linux-x86_64-debian-clang | 0.2.2 | 6.95 | 279.49 | 286.44 | NOTE | |
r-devel-linux-x86_64-debian-gcc | 0.2.2 | 4.59 | 246.66 | 251.25 | NOTE | |
r-devel-linux-x86_64-fedora-clang | 0.2.2 | 364.80 | NOTE | |||
r-devel-linux-x86_64-fedora-gcc | 0.2.2 | 433.98 | NOTE | |||
r-devel-windows-x86_64 | 0.2.2 | 6.00 | 307.00 | 313.00 | NOTE | |
r-patched-linux-x86_64 | 0.2.2 | NOTE | ||||
r-release-linux-x86_64 | 0.2.2 | 7.03 | 311.93 | 318.96 | NOTE | |
r-release-macos-arm64 | 0.2.2 | 151.00 | NOTE | |||
r-release-macos-x86_64 | 0.2.2 | 240.00 | NOTE | |||
r-release-windows-x86_64 | 0.2.2 | 6.00 | 296.00 | 302.00 | NOTE | |
r-oldrel-macos-arm64 | 0.2.2 | 170.00 | OK | |||
r-oldrel-macos-x86_64 | 0.2.2 | 257.00 | OK | |||
r-oldrel-windows-x86_64 | 0.2.2 | 7.00 | 342.00 | 349.00 | OK |
Version: 0.2.2
Check: Rd files
Result: NOTE
checkRd: (-1) ssvdEN_sol_path.Rd:58: Lost braces; missing escapes or markup?
58 | \item{tol}{Convergence is determined when ||U_j - U_{j-1}||_F < tol,
| ^
checkRd: (-1) ssvdEN_sol_path_par.Rd:59: Lost braces; missing escapes or markup?
59 | \item{tol}{Convergence is determined when ||U_j - U_{j-1}||_F < tol,
| ^
Flavors: r-devel-linux-x86_64-debian-clang, r-devel-linux-x86_64-debian-gcc, r-devel-linux-x86_64-fedora-clang, r-devel-linux-x86_64-fedora-gcc, r-devel-windows-x86_64, r-patched-linux-x86_64, r-release-linux-x86_64, r-release-macos-arm64, r-release-macos-x86_64, r-release-windows-x86_64