Last updated on 2025-11-16 01:49:22 CET.
| Flavor | Version | Tinstall | Tcheck | Ttotal | Status | Flags |
|---|---|---|---|---|---|---|
| r-devel-linux-x86_64-debian-clang | 1.4.8 | 73.21 | 83.07 | 156.28 | NOTE | |
| r-devel-linux-x86_64-debian-gcc | 1.4.8 | 48.25 | 63.34 | 111.59 | NOTE | |
| r-devel-linux-x86_64-fedora-clang | 1.4.8 | 152.00 | 85.01 | 237.01 | OK | |
| r-devel-linux-x86_64-fedora-gcc | 1.4.8 | 155.00 | 81.54 | 236.54 | OK | |
| r-devel-windows-x86_64 | 1.4.8 | 76.00 | 85.00 | 161.00 | OK | |
| r-patched-linux-x86_64 | 1.4.8 | 68.08 | 83.13 | 151.21 | OK | |
| r-release-linux-x86_64 | 1.4.8 | 67.16 | 82.96 | 150.12 | OK | |
| r-release-macos-arm64 | 1.4.8 | 59.00 | 45.00 | 104.00 | OK | |
| r-release-macos-x86_64 | 1.4.8 | 88.00 | 75.00 | 163.00 | OK | |
| r-release-windows-x86_64 | 1.4.8 | 70.00 | 87.00 | 157.00 | OK | |
| r-oldrel-macos-arm64 | 1.4.8 | 44.00 | 37.00 | 81.00 | OK | |
| r-oldrel-macos-x86_64 | 1.4.8 | 57.00 | 55.00 | 112.00 | OK | |
| r-oldrel-windows-x86_64 | 1.4.8 | 96.00 | 101.00 | 197.00 | OK |
Version: 1.4.8
Check: CRAN incoming feasibility
Result: NOTE
Maintainer: ‘Yonghui Dong <yonghui.dong@gmail.com>’
No Authors@R field in DESCRIPTION.
Please add one, modifying
Authors@R: person(given = "Yonghui",
family = "Dong",
role = c("aut", "cre"),
email = "yonghui.dong@gmail.com")
as necessary.
The BugReports field in DESCRIPTION has
https://github.com/YonghuiDong/MSbox/issues/new
which should likely be
https://github.com/YonghuiDong/MSbox/issues/new/issues
instead.
Flavor: r-devel-linux-x86_64-debian-clang
Version: 1.4.8
Check: CRAN incoming feasibility
Result: NOTE
Maintainer: ‘Yonghui Dong <yonghui.dong@gmail.com>’
No Authors@R field in DESCRIPTION.
Please add one, modifying
Authors@R: person(given = "Yonghui",
family = "Dong",
role = c("aut", "cre"),
email = "yonghui.dong@gmail.com")
as necessary.
Flavor: r-devel-linux-x86_64-debian-gcc