Last updated on 2025-02-14 02:49:49 CET.
Flavor | Version | Tinstall | Tcheck | Ttotal | Status | Flags |
---|---|---|---|---|---|---|
r-devel-linux-x86_64-debian-clang | 0.2.1 | 23.14 | 58.32 | 81.46 | OK | |
r-devel-linux-x86_64-debian-gcc | 0.2.1 | 17.57 | 42.43 | 60.00 | OK | |
r-devel-linux-x86_64-fedora-clang | 0.2.1 | 144.31 | OK | |||
r-devel-linux-x86_64-fedora-gcc | 0.2.1 | 155.08 | OK | |||
r-devel-windows-x86_64 | 0.2.1 | 26.00 | 98.00 | 124.00 | OK | |
r-patched-linux-x86_64 | 0.2.1 | 26.33 | 54.59 | 80.92 | NOTE | |
r-release-linux-x86_64 | 0.2.1 | 23.85 | 53.59 | 77.44 | NOTE | |
r-release-macos-arm64 | 0.2.1 | 47.00 | NOTE | |||
r-release-macos-x86_64 | 0.2.1 | 79.00 | NOTE | |||
r-release-windows-x86_64 | 0.2.1 | 27.00 | 93.00 | 120.00 | NOTE | |
r-oldrel-macos-arm64 | 0.2.1 | 49.00 | NOTE | |||
r-oldrel-macos-x86_64 | 0.2.1 | 78.00 | NOTE | |||
r-oldrel-windows-x86_64 | 0.2.1 | 32.00 | 109.00 | 141.00 | NOTE |
Version: 0.2.1
Check: LazyData
Result: NOTE
'LazyData' is specified without a 'data' directory
Flavors: r-patched-linux-x86_64, r-release-linux-x86_64, r-release-macos-arm64, r-release-macos-x86_64, r-release-windows-x86_64, r-oldrel-macos-arm64, r-oldrel-macos-x86_64, r-oldrel-windows-x86_64