Last updated on 2024-07-27 01:53:17 CEST.
Flavor | Version | Tinstall | Tcheck | Ttotal | Status | Flags |
---|---|---|---|---|---|---|
r-devel-linux-x86_64-debian-clang | 0.2.1 | 34.08 | 75.51 | 109.59 | NOTE | |
r-devel-linux-x86_64-debian-gcc | 0.2.1 | 20.98 | 55.55 | 76.53 | NOTE | |
r-devel-linux-x86_64-fedora-clang | 0.2.1 | 154.25 | NOTE | |||
r-devel-linux-x86_64-fedora-gcc | 0.2.1 | 160.22 | NOTE | |||
r-devel-windows-x86_64 | 0.2.1 | 27.00 | 90.00 | 117.00 | NOTE | |
r-patched-linux-x86_64 | 0.2.1 | NOTE | ||||
r-release-linux-x86_64 | 0.2.1 | 26.68 | 71.17 | 97.85 | NOTE | |
r-release-macos-arm64 | 0.2.1 | 47.00 | NOTE | |||
r-release-macos-x86_64 | 0.2.1 | 79.00 | NOTE | |||
r-release-windows-x86_64 | 0.2.1 | 32.00 | 88.00 | 120.00 | NOTE | |
r-oldrel-macos-arm64 | 0.2.1 | 49.00 | NOTE | |||
r-oldrel-macos-x86_64 | 0.2.1 | 78.00 | NOTE | |||
r-oldrel-windows-x86_64 | 0.2.1 | 33.00 | 107.00 | 140.00 | NOTE |
Version: 0.2.1
Check: LazyData
Result: NOTE
'LazyData' is specified without a 'data' directory
Flavors: r-devel-linux-x86_64-debian-clang, r-devel-linux-x86_64-debian-gcc, r-devel-linux-x86_64-fedora-clang, r-devel-linux-x86_64-fedora-gcc, r-devel-windows-x86_64, r-patched-linux-x86_64, r-release-linux-x86_64, r-release-macos-arm64, r-release-macos-x86_64, r-release-windows-x86_64, r-oldrel-macos-arm64, r-oldrel-macos-x86_64, r-oldrel-windows-x86_64