Last updated on 2024-07-27 01:53:17 CEST.
Flavor | Version | Tinstall | Tcheck | Ttotal | Status | Flags |
---|---|---|---|---|---|---|
r-devel-linux-x86_64-debian-clang | 1.5.5 | 99.39 | 624.51 | 723.90 | NOTE | |
r-devel-linux-x86_64-debian-gcc | 1.5.5 | 78.52 | 435.67 | 514.19 | NOTE | |
r-devel-linux-x86_64-fedora-clang | 1.5.5 | 879.77 | NOTE | |||
r-devel-linux-x86_64-fedora-gcc | 1.5.5 | 869.72 | NOTE | |||
r-devel-windows-x86_64 | 1.5.5 | 73.00 | 466.00 | 539.00 | NOTE | |
r-patched-linux-x86_64 | 1.5.5 | NOTE | ||||
r-release-linux-x86_64 | 1.5.5 | 62.36 | 573.36 | 635.72 | NOTE | |
r-release-macos-arm64 | 1.5.5 | 194.00 | NOTE | |||
r-release-macos-x86_64 | 1.5.5 | 310.00 | NOTE | |||
r-release-windows-x86_64 | 1.5.5 | 70.00 | 479.00 | 549.00 | NOTE | |
r-oldrel-macos-arm64 | 1.5.5 | 208.00 | OK | |||
r-oldrel-macos-x86_64 | 1.5.5 | 363.00 | OK | |||
r-oldrel-windows-x86_64 | 1.5.5 | 101.00 | 586.00 | 687.00 | OK |
Version: 1.5.5
Check: Rd files
Result: NOTE
checkRd: (-1) bbc.Rd:39: Lost braces
39 | The "nbdev.mxm" (negative binomial deviance) is missing. For more information on these see \code{\link{cv.ses}}. bold{Note} that they come with "".
| ^
checkRd: (-1) cv.fbed.lmm.reg.Rd:32: Lost braces; missing escapes or markup?
32 | The folds of the data to use (a list generated by the function generateCVRuns {TunePareto}). If NULL the folds are created internally with the same function.
| ^
checkRd: (-1) cv.gomp.Rd:29: Lost braces; missing escapes or markup?
29 | The folds of the data to use (a list generated by the function generateCVRuns {TunePareto}). If NULL the folds are created internally with the same function.
| ^
checkRd: (-1) cv.ses.Rd:94: Lost braces; missing escapes or markup?
94 | The folds of the data to use (a list generated by the function generateCVRuns {TunePareto}). If NULL the folds are created internally with the same function.
| ^
Flavors: r-devel-linux-x86_64-debian-clang, r-devel-linux-x86_64-debian-gcc, r-devel-linux-x86_64-fedora-clang, r-devel-linux-x86_64-fedora-gcc, r-devel-windows-x86_64, r-patched-linux-x86_64, r-release-linux-x86_64, r-release-macos-arm64, r-release-macos-x86_64, r-release-windows-x86_64
Version: 1.5.5
Check: Rd cross-references
Result: NOTE
Found the following Rd file(s) with Rd \link{} targets missing package
anchors:
censIndCR.Rd: Surv
gomp.Rd: cor.fbed, cor.fsreg, correls
logiquant.regs.Rd: bic.regs
pc.sel.Rd: omp
sp.logiregs.Rd: bic.regs
testIndTobit.Rd: Surv, survreg
wald.logisticregs.Rd: score.glms
Please provide package anchors for all Rd \link{} targets not in the
package itself and the base packages.
Flavors: r-devel-linux-x86_64-debian-gcc, r-devel-windows-x86_64
Version: 1.5.5
Check: dependencies in R code
Result: NOTE
Namespace in Imports field not imported from: ‘knitr’
All declared Imports should be used.
Flavors: r-devel-linux-x86_64-fedora-clang, r-devel-linux-x86_64-fedora-gcc