Last updated on 2024-07-27 01:53:16 CEST.
Flavor | Version | Tinstall | Tcheck | Ttotal | Status | Flags |
---|---|---|---|---|---|---|
r-devel-linux-x86_64-debian-clang | 0.3.0 | 9.38 | 91.34 | 100.72 | OK | |
r-devel-linux-x86_64-debian-gcc | 0.3.0 | 7.79 | 68.42 | 76.21 | OK | |
r-devel-linux-x86_64-fedora-clang | 0.3.0 | 133.60 | NOTE | |||
r-devel-linux-x86_64-fedora-gcc | 0.3.0 | 150.63 | NOTE | |||
r-devel-windows-x86_64 | 0.3.0 | 9.00 | 116.00 | 125.00 | OK | |
r-patched-linux-x86_64 | 0.3.0 | OK | ||||
r-release-linux-x86_64 | 0.3.0 | 5.97 | 88.58 | 94.55 | OK | |
r-release-macos-arm64 | 0.3.0 | 50.00 | OK | |||
r-release-macos-x86_64 | 0.3.0 | 77.00 | OK | |||
r-release-windows-x86_64 | 0.3.0 | 10.00 | 115.00 | 125.00 | OK | |
r-oldrel-macos-arm64 | 0.3.0 | 58.00 | OK | |||
r-oldrel-macos-x86_64 | 0.3.0 | 119.00 | OK | |||
r-oldrel-windows-x86_64 | 0.3.0 | 13.00 | 127.00 | 140.00 | OK |
Version: 0.3.0
Check: data for non-ASCII characters
Result: NOTE
Note: found 1 marked UTF-8 string
Flavors: r-devel-linux-x86_64-fedora-clang, r-devel-linux-x86_64-fedora-gcc