CRAN Package Check Results for Package MetBrewer

Last updated on 2025-11-20 02:49:19 CET.

Flavor Version Tinstall Tcheck Ttotal Status Flags
r-devel-linux-x86_64-debian-clang 0.2.0 5.22 56.73 61.95 NOTE
r-devel-linux-x86_64-debian-gcc 0.2.0 3.01 41.30 44.31 NOTE
r-devel-linux-x86_64-fedora-clang 0.2.0 10.00 86.43 96.43 OK
r-devel-linux-x86_64-fedora-gcc 0.2.0 14.00 76.30 90.30 OK
r-devel-windows-x86_64 0.2.0 8.00 66.00 74.00 OK
r-patched-linux-x86_64 0.2.0 5.06 52.24 57.30 OK
r-release-linux-x86_64 0.2.0 4.92 52.43 57.35 OK
r-release-macos-arm64 0.2.0 OK
r-release-macos-x86_64 0.2.0 6.00 39.00 45.00 OK
r-release-windows-x86_64 0.2.0 7.00 65.00 72.00 OK
r-oldrel-macos-arm64 0.2.0 OK
r-oldrel-macos-x86_64 0.2.0 3.00 32.00 35.00 OK
r-oldrel-windows-x86_64 0.2.0 9.00 80.00 89.00 OK

Check Details

Version: 0.2.0
Check: CRAN incoming feasibility
Result: NOTE Maintainer: ‘Blake Robert Mills <blakerobertmills@gmail.com>’ No Authors@R field in DESCRIPTION. Please add one, modifying Authors@R: person(given = c("Blake", "Robert"), family = "Mills", role = c("aut", "cre"), email = "blakerobertmills@gmail.com") as necessary. Flavors: r-devel-linux-x86_64-debian-clang, r-devel-linux-x86_64-debian-gcc