Last updated on 2025-05-06 02:50:24 CEST.
Flavor | Version | Tinstall | Tcheck | Ttotal | Status | Flags |
---|---|---|---|---|---|---|
r-devel-linux-x86_64-debian-clang | 1.1.1 | 3.19 | 85.43 | 88.62 | NOTE | |
r-devel-linux-x86_64-debian-gcc | 1.1.1 | 2.35 | 58.21 | 60.56 | NOTE | |
r-devel-linux-x86_64-fedora-clang | 1.1.1 | 143.42 | OK | |||
r-devel-linux-x86_64-fedora-gcc | 1.1.1 | 158.24 | OK | |||
r-devel-windows-x86_64 | 1.1.1 | 4.00 | 152.00 | 156.00 | OK | |
r-patched-linux-x86_64 | 1.1.1 | 3.10 | 84.60 | 87.70 | OK | |
r-release-linux-x86_64 | 1.1.1 | 3.29 | 82.29 | 85.58 | OK | |
r-release-macos-arm64 | 1.1.1 | 58.00 | OK | |||
r-release-macos-x86_64 | 1.1.1 | 129.00 | OK | |||
r-release-windows-x86_64 | 1.1.1 | 5.00 | 153.00 | 158.00 | OK | |
r-oldrel-macos-arm64 | 1.1.1 | 55.00 | OK | |||
r-oldrel-macos-x86_64 | 1.1.1 | 82.00 | OK | |||
r-oldrel-windows-x86_64 | 1.1.1 | 5.00 | 159.00 | 164.00 | OK |
Version: 1.1.1
Check: CRAN incoming feasibility
Result: NOTE
Maintainer: ‘Junwei Han <hanjunwei1981@163.com>’
No Authors@R field in DESCRIPTION.
Please add one, modifying
Authors@R: c(person(given = "Junwei",
family = "Han",
role = c("aut", "cre"),
email = "hanjunwei1981@163.com"),
person(given = "Siyao",
family = "Liu",
role = "aut"))
as necessary.
Flavors: r-devel-linux-x86_64-debian-clang, r-devel-linux-x86_64-debian-gcc