CRAN Package Check Results for Package MixTwice

Last updated on 2025-05-25 02:50:12 CEST.

Flavor Version Tinstall Tcheck Ttotal Status Flags
r-devel-linux-x86_64-debian-clang 2.0 2.16 22.64 24.80 NOTE
r-devel-linux-x86_64-debian-gcc 2.0 1.40 18.22 19.62 NOTE
r-devel-linux-x86_64-fedora-clang 2.0 38.78 NOTE
r-devel-linux-x86_64-fedora-gcc 2.0 37.60 NOTE
r-devel-windows-x86_64 2.0 4.00 46.00 50.00 OK
r-patched-linux-x86_64 2.0 2.19 22.09 24.28 OK
r-release-linux-x86_64 2.0 1.77 21.79 23.56 OK
r-release-macos-arm64 2.0 20.00 OK
r-release-macos-x86_64 2.0 28.00 OK
r-release-windows-x86_64 2.0 3.00 45.00 48.00 OK
r-oldrel-macos-arm64 2.0 17.00 OK
r-oldrel-macos-x86_64 2.0 23.00 OK
r-oldrel-windows-x86_64 2.0 4.00 50.00 54.00 OK

Check Details

Version: 2.0
Check: CRAN incoming feasibility
Result: NOTE Maintainer: ‘Zihao Zheng <zihao.zheng@wisc.edu>’ No Authors@R field in DESCRIPTION. Please add one, modifying Authors@R: c(person(given = "Zihao", family = "Zheng", role = c("aut", "cre"), email = "zihao.zheng@wisc.edu"), person(given = "Michael", family = "A.Newton", role = "aut")) as necessary. Flavors: r-devel-linux-x86_64-debian-clang, r-devel-linux-x86_64-debian-gcc

Version: 2.0
Check: dependencies in R code
Result: NOTE Namespaces in Imports field not imported from: ‘ashr’ ‘fdrtool’ All declared Imports should be used. Flavors: r-devel-linux-x86_64-fedora-clang, r-devel-linux-x86_64-fedora-gcc