Last updated on 2024-07-27 01:53:17 CEST.
Flavor | Version | Tinstall | Tcheck | Ttotal | Status | Flags |
---|---|---|---|---|---|---|
r-devel-linux-x86_64-debian-clang | 6.0 | 72.62 | 91.91 | 164.53 | OK | |
r-devel-linux-x86_64-debian-gcc | 6.0 | 52.85 | 65.21 | 118.06 | OK | |
r-devel-linux-x86_64-fedora-clang | 6.0 | 213.09 | OK | |||
r-devel-linux-x86_64-fedora-gcc | 6.0 | 215.82 | OK | |||
r-devel-windows-x86_64 | 6.0 | 54.00 | 98.00 | 152.00 | OK | |
r-patched-linux-x86_64 | 6.0 | OK | ||||
r-release-linux-x86_64 | 6.0 | 59.98 | 84.38 | 144.36 | OK | |
r-release-macos-arm64 | 6.0 | 48.00 | NOTE | |||
r-release-macos-x86_64 | 6.0 | 107.00 | NOTE | |||
r-release-windows-x86_64 | 6.0 | 58.00 | 94.00 | 152.00 | OK | |
r-oldrel-macos-arm64 | 6.0 | 56.00 | NOTE | |||
r-oldrel-macos-x86_64 | 6.0 | 98.00 | NOTE | |||
r-oldrel-windows-x86_64 | 6.0 | 68.00 | 113.00 | 181.00 | OK |
Version: 6.0
Check: installed package size
Result: NOTE
installed size is 7.1Mb
sub-directories of 1Mb or more:
libs 6.5Mb
Flavors: r-release-macos-arm64, r-release-macos-x86_64, r-oldrel-macos-arm64, r-oldrel-macos-x86_64
Version: 6.0
Check: package dependencies
Result: NOTE
Package suggested but not available for checking: ‘tmvtnorm’
Flavor: r-oldrel-macos-x86_64