Last updated on 2024-07-27 01:53:17 CEST.
Flavor | Version | Tinstall | Tcheck | Ttotal | Status | Flags |
---|---|---|---|---|---|---|
r-devel-linux-x86_64-debian-clang | 1.0.0 | 7.93 | 144.80 | 152.73 | OK | |
r-devel-linux-x86_64-debian-gcc | 1.0.0 | 5.90 | 104.84 | 110.74 | NOTE | |
r-devel-linux-x86_64-fedora-clang | 1.0.0 | 188.19 | OK | |||
r-devel-linux-x86_64-fedora-gcc | 1.0.0 | 188.81 | OK | |||
r-devel-windows-x86_64 | 1.0.0 | 11.00 | 137.00 | 148.00 | NOTE | |
r-patched-linux-x86_64 | 1.0.0 | OK | ||||
r-release-linux-x86_64 | 1.0.0 | 5.13 | 137.99 | 143.12 | OK | |
r-release-macos-arm64 | 1.0.0 | 56.00 | OK | |||
r-release-macos-x86_64 | 1.0.0 | 87.00 | OK | |||
r-release-windows-x86_64 | 1.0.0 | 9.00 | 133.00 | 142.00 | OK | |
r-oldrel-macos-arm64 | 1.0.0 | 66.00 | OK | |||
r-oldrel-macos-x86_64 | 1.0.0 | 85.00 | OK | |||
r-oldrel-windows-x86_64 | 1.0.0 | 11.00 | 161.00 | 172.00 | OK |
Version: 1.0.0
Check: Rd cross-references
Result: NOTE
Found the following Rd file(s) with Rd \link{} targets missing package
anchors:
DoubleGap.Rd: auto.arima
bp_gap.model.Rd: auto.arima
Please provide package anchors for all Rd \link{} targets not in the
package itself and the base packages.
Flavors: r-devel-linux-x86_64-debian-gcc, r-devel-windows-x86_64