Last updated on 2025-05-07 01:50:03 CEST.
Flavor | Version | Tinstall | Tcheck | Ttotal | Status | Flags |
---|---|---|---|---|---|---|
r-devel-linux-x86_64-debian-clang | 1.3 | 12.69 | 92.92 | 105.61 | NOTE | |
r-devel-linux-x86_64-debian-gcc | 1.3 | 7.81 | 66.52 | 74.33 | NOTE | |
r-devel-linux-x86_64-fedora-clang | 1.3 | 144.52 | OK | |||
r-devel-linux-x86_64-fedora-gcc | 1.3 | 151.76 | OK | |||
r-devel-windows-x86_64 | 1.3 | 13.00 | 95.00 | 108.00 | OK | |
r-patched-linux-x86_64 | 1.3 | 10.32 | 86.16 | 96.48 | OK | |
r-release-linux-x86_64 | 1.3 | 10.62 | 86.07 | 96.69 | OK | |
r-release-macos-arm64 | 1.3 | 41.00 | OK | |||
r-release-macos-x86_64 | 1.3 | 93.00 | OK | |||
r-release-windows-x86_64 | 1.3 | 13.00 | 96.00 | 109.00 | OK | |
r-oldrel-macos-arm64 | 1.3 | 45.00 | OK | |||
r-oldrel-macos-x86_64 | 1.3 | 63.00 | OK | |||
r-oldrel-windows-x86_64 | 1.3 | 17.00 | 119.00 | 136.00 | OK |
Version: 1.3
Check: CRAN incoming feasibility
Result: NOTE
Maintainer: ‘Paolo Frumento <paolo.frumento@unipi.it>’
No Authors@R field in DESCRIPTION.
Please add one, modifying
Authors@R: person(given = "Paolo",
family = "Frumento",
role = c("aut", "cre"),
email = "paolo.frumento@unipi.it")
as necessary.
Flavors: r-devel-linux-x86_64-debian-clang, r-devel-linux-x86_64-debian-gcc