CRAN Package Check Results for Package MultiSkew

Last updated on 2025-05-07 01:50:03 CEST.

Flavor Version Tinstall Tcheck Ttotal Status Flags
r-devel-linux-x86_64-debian-clang 1.1.1 1.93 27.20 29.13 NOTE
r-devel-linux-x86_64-debian-gcc 1.1.1 1.56 20.76 22.32 NOTE
r-devel-linux-x86_64-fedora-clang 1.1.1 45.89 OK
r-devel-linux-x86_64-fedora-gcc 1.1.1 43.52 OK
r-devel-windows-x86_64 1.1.1 3.00 53.00 56.00 OK
r-patched-linux-x86_64 1.1.1 2.02 26.31 28.33 OK
r-release-linux-x86_64 1.1.1 1.64 26.16 27.80 OK
r-release-macos-arm64 1.1.1 19.00 OK
r-release-macos-x86_64 1.1.1 46.00 OK
r-release-windows-x86_64 1.1.1 4.00 55.00 59.00 OK
r-oldrel-macos-arm64 1.1.1 17.00 OK
r-oldrel-macos-x86_64 1.1.1 27.00 OK
r-oldrel-windows-x86_64 1.1.1 3.00 52.00 55.00 OK

Check Details

Version: 1.1.1
Check: CRAN incoming feasibility
Result: NOTE Maintainer: ‘Cinzia Franceschini <cinziafranceschini@msn.com>’ No Authors@R field in DESCRIPTION. Please add one, modifying Authors@R: c(person(given = "Cinzia", family = "Franceschini", role = c("aut", "cre"), email = "cinziafranceschini@msn.com"), person(given = "Nicola", family = "Loperfido", role = "aut")) as necessary. Flavors: r-devel-linux-x86_64-debian-clang, r-devel-linux-x86_64-debian-gcc