CRAN Package Check Results for Package MultipleBreakpoints

Last updated on 2025-07-20 01:49:34 CEST.

Flavor Version Tinstall Tcheck Ttotal Status Flags
r-devel-linux-x86_64-debian-clang 0.1.0 2.20 21.12 23.32 NOTE
r-devel-linux-x86_64-debian-gcc 0.1.0 1.81 18.12 19.93 NOTE
r-devel-linux-x86_64-fedora-clang 0.1.0 35.83 OK
r-devel-linux-x86_64-fedora-gcc 0.1.0 34.73 OK
r-devel-windows-x86_64 0.1.0 3.00 41.00 44.00 OK
r-patched-linux-x86_64 0.1.0 2.21 20.40 22.61 OK
r-release-linux-x86_64 0.1.0 1.90 20.26 22.16 OK
r-release-macos-arm64 0.1.0 19.00 OK
r-release-macos-x86_64 0.1.0 25.00 OK
r-release-windows-x86_64 0.1.0 3.00 42.00 45.00 OK
r-oldrel-macos-arm64 0.1.0 16.00 OK
r-oldrel-macos-x86_64 0.1.0 24.00 OK
r-oldrel-windows-x86_64 0.1.0 4.00 45.00 49.00 OK

Check Details

Version: 0.1.0
Check: CRAN incoming feasibility
Result: NOTE Maintainer: ‘Nicolas Froelich <nicfroe@posteo.de>’ No Authors@R field in DESCRIPTION. Please add one, modifying Authors@R: person(given = "Nicolas", family = "Froelich", role = c("aut", "cre"), email = "nicfroe@posteo.de") as necessary. Flavors: r-devel-linux-x86_64-debian-clang, r-devel-linux-x86_64-debian-gcc