Last updated on 2025-11-20 03:50:16 CET.
| Flavor | Version | Tinstall | Tcheck | Ttotal | Status | Flags |
|---|---|---|---|---|---|---|
| r-devel-linux-x86_64-debian-clang | 1.1 | 8.16 | 67.75 | 75.91 | NOTE | |
| r-devel-linux-x86_64-debian-gcc | 1.1 | 5.33 | 50.13 | 55.46 | NOTE | |
| r-devel-linux-x86_64-fedora-clang | 1.1 | 19.00 | 96.95 | 115.95 | OK | |
| r-devel-linux-x86_64-fedora-gcc | 1.1 | 18.00 | 92.64 | 110.64 | OK | |
| r-devel-windows-x86_64 | 1.1 | 10.00 | 79.00 | 89.00 | OK | |
| r-patched-linux-x86_64 | 1.1 | 8.18 | 64.87 | 73.05 | OK | |
| r-release-linux-x86_64 | 1.1 | 7.97 | 64.75 | 72.72 | OK | |
| r-release-macos-arm64 | 1.1 | OK | ||||
| r-release-macos-x86_64 | 1.1 | 7.00 | 60.00 | 67.00 | OK | |
| r-release-windows-x86_64 | 1.1 | 9.00 | 71.00 | 80.00 | OK | |
| r-oldrel-macos-arm64 | 1.1 | OK | ||||
| r-oldrel-macos-x86_64 | 1.1 | 6.00 | 43.00 | 49.00 | OK | |
| r-oldrel-windows-x86_64 | 1.1 | 12.00 | 88.00 | 100.00 | OK |
Version: 1.1
Check: CRAN incoming feasibility
Result: NOTE
Maintainer: ‘Mohammed Sedki <mohammed.sedki@u-psud.fr>’
No Authors@R field in DESCRIPTION.
Please add one, modifying
Authors@R: c(person(given = "Matthieu",
family = "Marbac",
role = "aut"),
person(given = "Mohammed",
family = "Sedki",
role = c("aut", "cre"),
email = "mohammed.sedki@u-psud.fr"))
as necessary.
Flavors: r-devel-linux-x86_64-debian-clang, r-devel-linux-x86_64-debian-gcc