Last updated on 2024-07-27 01:53:17 CEST.
Flavor | Version | Tinstall | Tcheck | Ttotal | Status | Flags |
---|---|---|---|---|---|---|
r-devel-linux-x86_64-debian-clang | 0.1.3.3 | 2.62 | 30.41 | 33.03 | OK | |
r-devel-linux-x86_64-debian-gcc | 0.1.3.3 | 2.03 | 23.21 | 25.24 | OK | |
r-devel-linux-x86_64-fedora-clang | 0.1.3.3 | 43.20 | NOTE | |||
r-devel-linux-x86_64-fedora-gcc | 0.1.3.3 | 52.79 | NOTE | |||
r-devel-windows-x86_64 | 0.1.3.3 | 4.00 | 53.00 | 57.00 | OK | |
r-patched-linux-x86_64 | 0.1.3.3 | OK | ||||
r-release-linux-x86_64 | 0.1.3.3 | 1.63 | 28.47 | 30.10 | OK | |
r-release-macos-arm64 | 0.1.3.3 | 32.00 | OK | |||
r-release-macos-x86_64 | 0.1.3.3 | 35.00 | OK | |||
r-release-windows-x86_64 | 0.1.3.3 | 4.00 | 50.00 | 54.00 | OK | |
r-oldrel-macos-arm64 | 0.1.3.3 | 24.00 | OK | |||
r-oldrel-macos-x86_64 | 0.1.3.3 | 35.00 | OK | |||
r-oldrel-windows-x86_64 | 0.1.3.3 | 4.00 | 50.00 | 54.00 | OK |
Version: 0.1.3.3
Check: data for non-ASCII characters
Result: NOTE
Note: found 140 marked UTF-8 strings
Flavors: r-devel-linux-x86_64-fedora-clang, r-devel-linux-x86_64-fedora-gcc