Last updated on 2025-11-16 01:49:22 CET.
| Flavor | Version | Tinstall | Tcheck | Ttotal | Status | Flags |
|---|---|---|---|---|---|---|
| r-devel-linux-x86_64-debian-clang | 1.0.2 | 5.96 | 68.53 | 74.49 | OK | |
| r-devel-linux-x86_64-debian-gcc | 1.0.2 | 4.25 | 50.37 | 54.62 | OK | |
| r-devel-linux-x86_64-fedora-clang | 1.0.2 | 32.00 | 92.03 | 124.03 | OK | |
| r-devel-linux-x86_64-fedora-gcc | 1.0.2 | 14.00 | 108.20 | 122.20 | OK | |
| r-devel-windows-x86_64 | 1.0.2 | 10.00 | 81.00 | 91.00 | OK | |
| r-patched-linux-x86_64 | 1.0.2 | 5.70 | 63.43 | 69.13 | OK | |
| r-release-linux-x86_64 | 1.0.2 | 5.43 | 63.55 | 68.98 | OK | |
| r-release-macos-arm64 | 1.0.2 | 3.00 | 42.00 | 45.00 | OK | |
| r-release-macos-x86_64 | 1.0.2 | 3.00 | 70.00 | 73.00 | OK | |
| r-release-windows-x86_64 | 1.0.2 | 8.00 | 80.00 | 88.00 | OK | |
| r-oldrel-macos-arm64 | 1.0.2 | 3.00 | 44.00 | 47.00 | NOTE | |
| r-oldrel-macos-x86_64 | 1.0.2 | 3.00 | 93.00 | 96.00 | NOTE | |
| r-oldrel-windows-x86_64 | 1.0.2 | 10.00 | 104.00 | 114.00 | NOTE |
Version: 1.0.2
Check: package dependencies
Result: NOTE
Package suggested but not available for checking: ‘NBDCtoolsData’
Flavors: r-oldrel-macos-arm64, r-oldrel-macos-x86_64, r-oldrel-windows-x86_64