Last updated on 2025-11-16 01:49:23 CET.
| Flavor | Version | Tinstall | Tcheck | Ttotal | Status | Flags |
|---|---|---|---|---|---|---|
| r-devel-linux-x86_64-debian-clang | 1.2.2 | 3.85 | 119.42 | 123.27 | OK | |
| r-devel-linux-x86_64-debian-gcc | 1.2.2 | 2.46 | 67.59 | 70.05 | NOTE | |
| r-devel-linux-x86_64-fedora-clang | 1.2.2 | 176.80 | OK | |||
| r-devel-linux-x86_64-fedora-gcc | 1.2.2 | 185.62 | NOTE | |||
| r-devel-windows-x86_64 | 1.2.2 | 6.00 | 112.00 | 118.00 | OK | |
| r-patched-linux-x86_64 | 1.2.2 | 4.45 | 99.23 | 103.68 | OK | |
| r-release-linux-x86_64 | 1.2.2 | 3.79 | 101.95 | 105.74 | OK | |
| r-release-macos-arm64 | 1.2.2 | 2.00 | 63.00 | 65.00 | OK | |
| r-release-macos-x86_64 | 1.2.2 | 4.00 | 96.00 | 100.00 | OK | |
| r-release-windows-x86_64 | 1.2.2 | 6.00 | 114.00 | 120.00 | OK | |
| r-oldrel-macos-arm64 | 1.2.2 | 2.00 | 50.00 | 52.00 | OK | |
| r-oldrel-macos-x86_64 | 1.2.2 | 3.00 | 94.00 | 97.00 | OK | |
| r-oldrel-windows-x86_64 | 1.2.2 | 7.00 | 140.00 | 147.00 | OK |
Version: 1.2.2
Check: HTML version of manual
Result: NOTE
Found the following HTML validation problems:
NFCP.html:503:1 (European_option_value.Rd:55): Warning: <script> anchor "MathJax-script" already defined
NFCP.html:628:1 (NFCP_Kalman_filter.Rd:97): Warning: <script> anchor "MathJax-script" already defined
NFCP.html:1069:1 (NFCP_MLE.Rd:99): Warning: <script> anchor "MathJax-script" already defined
NFCP.html:1523:1 (NFCP_parameters.Rd:33): Warning: <script> anchor "MathJax-script" already defined
NFCP.html:1798:1 (TSfit_volatility.Rd:25): Warning: <script> anchor "MathJax-script" already defined
NFCP.html:1845:1 (cov_func.Rd:18): Warning: <script> anchor "MathJax-script" already defined
NFCP.html:1949:1 (futures_price_forecast.Rd:33): Warning: <script> anchor "MathJax-script" already defined
NFCP.html:2059:1 (futures_price_simulate.Rd:51): Warning: <script> anchor "MathJax-script" already defined
NFCP.html:2134:1 (spot_price_forecast.Rd:22): Warning: <script> anchor "MathJax-script" already defined
NFCP.html:2285:1 (spot_price_simulate.Rd:47): Warning: <script> anchor "MathJax-script" already defined
Flavors: r-devel-linux-x86_64-debian-gcc, r-devel-linux-x86_64-fedora-gcc