Last updated on 2024-07-27 01:53:18 CEST.
Flavor | Version | Tinstall | Tcheck | Ttotal | Status | Flags |
---|---|---|---|---|---|---|
r-devel-linux-x86_64-debian-clang | 1.2.5 | 4.26 | 61.01 | 65.27 | OK | |
r-devel-linux-x86_64-debian-gcc | 1.2.5 | 4.10 | 47.05 | 51.15 | OK | |
r-devel-linux-x86_64-fedora-clang | 1.2.5 | 84.90 | NOTE | |||
r-devel-linux-x86_64-fedora-gcc | 1.2.5 | 91.14 | NOTE | |||
r-devel-windows-x86_64 | 1.2.5 | 7.00 | 72.00 | 79.00 | OK | |
r-patched-linux-x86_64 | 1.2.5 | OK | ||||
r-release-linux-x86_64 | 1.2.5 | 3.81 | 58.18 | 61.99 | OK | |
r-release-macos-arm64 | 1.2.5 | 85.00 | OK | |||
r-release-macos-x86_64 | 1.2.5 | 120.00 | OK | |||
r-release-windows-x86_64 | 1.2.5 | 6.00 | 70.00 | 76.00 | OK | |
r-oldrel-macos-arm64 | 1.2.5 | 58.00 | OK | |||
r-oldrel-macos-x86_64 | 1.2.5 | 81.00 | OK | |||
r-oldrel-windows-x86_64 | 1.2.5 | 8.00 | 77.00 | 85.00 | OK |
Version: 1.2.5
Check: dependencies in R code
Result: NOTE
Namespace in Imports field not imported from: ‘tibble’
All declared Imports should be used.
Flavors: r-devel-linux-x86_64-fedora-clang, r-devel-linux-x86_64-fedora-gcc