Last updated on 2025-05-09 01:50:12 CEST.
Flavor | Version | Tinstall | Tcheck | Ttotal | Status | Flags |
---|---|---|---|---|---|---|
r-devel-linux-x86_64-debian-clang | 1.0.2 | 16.81 | 134.22 | 151.03 | NOTE | |
r-devel-linux-x86_64-debian-gcc | 1.0.2 | 12.53 | 97.23 | 109.76 | NOTE | |
r-devel-linux-x86_64-fedora-clang | 1.0.2 | 257.37 | OK | |||
r-devel-linux-x86_64-fedora-gcc | 1.0.2 | 244.35 | OK | |||
r-devel-windows-x86_64 | 1.0.2 | 15.00 | 126.00 | 141.00 | OK | |
r-patched-linux-x86_64 | 1.0.2 | 16.03 | 126.59 | 142.62 | OK | |
r-release-linux-x86_64 | 1.0.2 | 16.11 | 127.64 | 143.75 | OK | |
r-release-macos-arm64 | 1.0.2 | 81.00 | OK | |||
r-release-macos-x86_64 | 1.0.2 | 174.00 | OK | |||
r-release-windows-x86_64 | 1.0.2 | 16.00 | 132.00 | 148.00 | OK | |
r-oldrel-macos-arm64 | 1.0.2 | 65.00 | OK | |||
r-oldrel-macos-x86_64 | 1.0.2 | 118.00 | OK | |||
r-oldrel-windows-x86_64 | 1.0.2 | 16.00 | 163.00 | 179.00 | OK |
Version: 1.0.2
Check: CRAN incoming feasibility
Result: NOTE
Maintainer: ‘Lennart Johansson <l.johansson@umcg.nl>’
No Authors@R field in DESCRIPTION.
Please add one, modifying
Authors@R: c(person(given = "Dirk",
family = "de Weerd",
role = "aut"),
person(given = "Lennart",
family = "Johansson",
role = c("aut", "cre"),
email = "l.johansson@umcg.nl"))
as necessary.
Flavors: r-devel-linux-x86_64-debian-clang, r-devel-linux-x86_64-debian-gcc