Last updated on 2024-07-27 01:53:18 CEST.
Flavor | Version | Tinstall | Tcheck | Ttotal | Status | Flags |
---|---|---|---|---|---|---|
r-devel-linux-x86_64-debian-clang | 0.1.18 | 18.97 | 137.26 | 156.23 | OK | |
r-devel-linux-x86_64-debian-gcc | 0.1.18 | 10.88 | 101.74 | 112.62 | NOTE | |
r-devel-linux-x86_64-fedora-clang | 0.1.18 | 190.94 | OK | |||
r-devel-linux-x86_64-fedora-gcc | 0.1.18 | 175.45 | OK | |||
r-devel-windows-x86_64 | 0.1.18 | 15.00 | 118.00 | 133.00 | NOTE | |
r-patched-linux-x86_64 | 0.1.18 | OK | ||||
r-release-linux-x86_64 | 0.1.18 | 10.11 | 127.21 | 137.32 | OK | |
r-release-macos-arm64 | 0.1.18 | 52.00 | OK | |||
r-release-macos-x86_64 | 0.1.18 | 82.00 | OK | |||
r-release-windows-x86_64 | 0.1.18 | 15.00 | 116.00 | 131.00 | OK | |
r-oldrel-macos-arm64 | 0.1.18 | 56.00 | OK | |||
r-oldrel-macos-x86_64 | 0.1.18 | 77.00 | OK | |||
r-oldrel-windows-x86_64 | 0.1.18 | 20.00 | 138.00 | 158.00 | OK |
Version: 0.1.18
Check: Rd cross-references
Result: NOTE
Found the following Rd file(s) with Rd \link{} targets missing package
anchors:
NMAoutlier.Rd: netmeta
NMAoutlier.measures.Rd: netmeta
netmet.Rd: netmeta
Please provide package anchors for all Rd \link{} targets not in the
package itself and the base packages.
Flavors: r-devel-linux-x86_64-debian-gcc, r-devel-windows-x86_64