Last updated on 2024-07-27 01:53:18 CEST.
Flavor | Version | Tinstall | Tcheck | Ttotal | Status | Flags |
---|---|---|---|---|---|---|
r-devel-linux-x86_64-debian-clang | 2.3 | 8.44 | 68.20 | 76.64 | OK | |
r-devel-linux-x86_64-debian-gcc | 2.3 | 5.04 | 50.95 | 55.99 | NOTE | |
r-devel-linux-x86_64-fedora-clang | 2.3 | 91.89 | OK | |||
r-devel-linux-x86_64-fedora-gcc | 2.3 | 87.69 | OK | |||
r-devel-windows-x86_64 | 2.3 | 7.00 | 67.00 | 74.00 | NOTE | |
r-patched-linux-x86_64 | 2.3 | OK | ||||
r-release-linux-x86_64 | 2.3 | 6.90 | 65.06 | 71.96 | OK | |
r-release-macos-arm64 | 2.3 | 29.00 | OK | |||
r-release-macos-x86_64 | 2.3 | 43.00 | OK | |||
r-release-windows-x86_64 | 2.3 | 7.00 | 67.00 | 74.00 | OK | |
r-oldrel-macos-arm64 | 2.3 | 30.00 | OK | |||
r-oldrel-macos-x86_64 | 2.3 | 53.00 | OK | |||
r-oldrel-windows-x86_64 | 2.3 | 9.00 | 76.00 | 85.00 | OK |
Version: 2.3
Check: Rd cross-references
Result: NOTE
Found the following Rd file(s) with Rd \link{} targets missing package
anchors:
NPHMC-package.Rd: smcure
Please provide package anchors for all Rd \link{} targets not in the
package itself and the base packages.
Flavors: r-devel-linux-x86_64-debian-gcc, r-devel-windows-x86_64