CRAN Package Check Results for Package NPIstats

Last updated on 2025-11-20 03:50:17 CET.

Flavor Version Tinstall Tcheck Ttotal Status Flags
r-devel-linux-x86_64-debian-clang 0.1.0 2.04 25.40 27.44 OK
r-devel-linux-x86_64-debian-gcc 0.1.0 1.42 20.65 22.07 OK
r-devel-linux-x86_64-fedora-clang 0.1.0 42.27 NOTE
r-devel-linux-x86_64-fedora-gcc 0.1.0 53.44 NOTE
r-devel-windows-x86_64 0.1.0 7.00 45.00 52.00 OK
r-patched-linux-x86_64 0.1.0 2.05 24.08 26.13 OK
r-release-linux-x86_64 0.1.0 1.66 23.96 25.62 OK
r-release-macos-arm64 0.1.0 OK
r-release-macos-x86_64 0.1.0 2.00 38.00 40.00 OK
r-release-windows-x86_64 0.1.0 4.00 45.00 49.00 OK
r-oldrel-macos-arm64 0.1.0 OK
r-oldrel-macos-x86_64 0.1.0 2.00 39.00 41.00 OK
r-oldrel-windows-x86_64 0.1.0 6.00 52.00 58.00 OK

Check Details

Version: 0.1.0
Check: dependencies in R code
Result: NOTE Namespace in Imports field not imported from: ‘dplyr’ All declared Imports should be used. Flavors: r-devel-linux-x86_64-fedora-clang, r-devel-linux-x86_64-fedora-gcc