Last updated on 2024-07-27 01:53:17 CEST.
Flavor | Version | Tinstall | Tcheck | Ttotal | Status | Flags |
---|---|---|---|---|---|---|
r-devel-linux-x86_64-debian-clang | 0.5.0 | 16.50 | 811.61 | 828.11 | OK | |
r-devel-linux-x86_64-debian-gcc | 0.5.0 | 11.52 | 535.85 | 547.37 | NOTE | |
r-devel-linux-x86_64-fedora-clang | 0.5.0 | 986.25 | OK | |||
r-devel-linux-x86_64-fedora-gcc | 0.5.0 | 947.41 | OK | |||
r-devel-windows-x86_64 | 0.5.0 | 14.00 | 342.00 | 356.00 | NOTE | |
r-patched-linux-x86_64 | 0.5.0 | OK | ||||
r-release-linux-x86_64 | 0.5.0 | 9.95 | 781.24 | 791.19 | OK | |
r-release-macos-arm64 | 0.5.0 | 152.00 | OK | |||
r-release-macos-x86_64 | 0.5.0 | 239.00 | OK | |||
r-release-windows-x86_64 | 0.5.0 | 14.00 | 337.00 | 351.00 | OK | |
r-oldrel-macos-arm64 | 0.5.0 | 164.00 | OK | |||
r-oldrel-macos-x86_64 | 0.5.0 | 295.00 | OK | |||
r-oldrel-windows-x86_64 | 0.5.0 | 20.00 | 458.00 | 478.00 | OK |
Version: 0.5.0
Check: Rd cross-references
Result: NOTE
Found the following Rd file(s) with Rd \link{} targets missing package
anchors:
multiple_netfacs_network.Rd: igraph, tbl_graph
multiple_network_plot.Rd: ggraph
Please provide package anchors for all Rd \link{} targets not in the
package itself and the base packages.
Flavors: r-devel-linux-x86_64-debian-gcc, r-devel-windows-x86_64