Last updated on 2024-07-27 01:53:17 CEST.
Flavor | Version | Tinstall | Tcheck | Ttotal | Status | Flags |
---|---|---|---|---|---|---|
r-devel-linux-x86_64-debian-clang | 0.3.4 | 62.42 | 123.18 | 185.60 | NOTE | |
r-devel-linux-x86_64-debian-gcc | 0.3.4 | 38.94 | 97.26 | 136.20 | NOTE | |
r-devel-linux-x86_64-fedora-clang | 0.3.4 | 253.23 | NOTE | |||
r-devel-linux-x86_64-fedora-gcc | 0.3.4 | 247.09 | NOTE | |||
r-devel-windows-x86_64 | 0.3.4 | 47.00 | 151.00 | 198.00 | NOTE | |
r-patched-linux-x86_64 | 0.3.4 | NOTE | ||||
r-release-linux-x86_64 | 0.3.4 | 50.54 | 123.27 | 173.81 | NOTE | |
r-release-macos-arm64 | 0.3.4 | 71.00 | NOTE | |||
r-release-macos-x86_64 | 0.3.4 | 98.00 | NOTE | |||
r-release-windows-x86_64 | 0.3.4 | 56.00 | 154.00 | 210.00 | NOTE | |
r-oldrel-macos-arm64 | 0.3.4 | 81.00 | NOTE | |||
r-oldrel-macos-x86_64 | 0.3.4 | 125.00 | NOTE | |||
r-oldrel-windows-x86_64 | 0.3.4 | 58.00 | 168.00 | 226.00 | NOTE |
Version: 0.3.4
Check: C++ specification
Result: NOTE
Specified C++11: please drop specification unless essential
Flavors: r-devel-linux-x86_64-debian-clang, r-devel-linux-x86_64-debian-gcc, r-devel-linux-x86_64-fedora-clang, r-devel-linux-x86_64-fedora-gcc, r-devel-windows-x86_64, r-patched-linux-x86_64, r-release-linux-x86_64, r-release-macos-arm64, r-release-macos-x86_64, r-release-windows-x86_64, r-oldrel-macos-arm64, r-oldrel-macos-x86_64, r-oldrel-windows-x86_64