Last updated on 2025-05-06 02:50:26 CEST.
Flavor | Version | Tinstall | Tcheck | Ttotal | Status | Flags |
---|---|---|---|---|---|---|
r-devel-linux-x86_64-debian-clang | 1.4.5 | 71.21 | 46.13 | 117.34 | NOTE | |
r-devel-linux-x86_64-debian-gcc | 1.4.5 | 55.77 | 33.59 | 89.36 | NOTE | |
r-devel-linux-x86_64-fedora-clang | 1.4.5 | 238.68 | NOTE | |||
r-devel-linux-x86_64-fedora-gcc | 1.4.5 | 240.91 | NOTE | |||
r-devel-windows-x86_64 | 1.4.5 | 86.00 | 80.00 | 166.00 | NOTE | |
r-patched-linux-x86_64 | 1.4.5 | 70.89 | 44.17 | 115.06 | NOTE | |
r-release-linux-x86_64 | 1.4.5 | 73.14 | 43.18 | 116.32 | NOTE | |
r-release-macos-arm64 | 1.4.5 | 55.00 | NOTE | |||
r-release-macos-x86_64 | 1.4.5 | 65.00 | NOTE | |||
r-release-windows-x86_64 | 1.4.5 | 84.00 | 80.00 | 164.00 | NOTE | |
r-oldrel-macos-arm64 | 1.4.5 | 58.00 | NOTE | |||
r-oldrel-macos-x86_64 | 1.4.5 | 85.00 | NOTE | |||
r-oldrel-windows-x86_64 | 1.4.5 | 101.00 | 100.00 | 201.00 | NOTE |
Version: 1.4.5
Check: C++ specification
Result: NOTE
Specified C++11: please drop specification unless essential
Flavors: r-devel-linux-x86_64-debian-clang, r-devel-linux-x86_64-debian-gcc, r-devel-linux-x86_64-fedora-clang, r-devel-linux-x86_64-fedora-gcc, r-devel-windows-x86_64, r-patched-linux-x86_64, r-release-linux-x86_64, r-release-macos-arm64, r-release-macos-x86_64, r-release-windows-x86_64, r-oldrel-macos-arm64, r-oldrel-macos-x86_64, r-oldrel-windows-x86_64
Version: 1.4.5
Check: installed package size
Result: NOTE
installed size is 8.2Mb
sub-directories of 1Mb or more:
libs 8.0Mb
Flavors: r-oldrel-macos-arm64, r-oldrel-macos-x86_64