CRAN Package Check Results for Package NormExpression

Last updated on 2025-05-08 01:51:12 CEST.

Flavor Version Tinstall Tcheck Ttotal Status Flags
r-devel-linux-x86_64-debian-clang 0.1.1 3.55 33.96 37.51 NOTE
r-devel-linux-x86_64-debian-gcc 0.1.1 3.26 25.03 28.29 NOTE
r-devel-linux-x86_64-fedora-clang 0.1.1 54.95 OK
r-devel-linux-x86_64-fedora-gcc 0.1.1 53.72 OK
r-devel-windows-x86_64 0.1.1 5.00 53.00 58.00 OK
r-patched-linux-x86_64 0.1.1 4.39 32.26 36.65 OK
r-release-linux-x86_64 0.1.1 3.57 32.16 35.73 OK
r-release-macos-arm64 0.1.1 19.00 OK
r-release-macos-x86_64 0.1.1 38.00 OK
r-release-windows-x86_64 0.1.1 6.00 54.00 60.00 OK
r-oldrel-macos-arm64 0.1.1 17.00 OK
r-oldrel-macos-x86_64 0.1.1 25.00 OK
r-oldrel-windows-x86_64 0.1.1 7.00 51.00 58.00 OK

Check Details

Version: 0.1.1
Check: CRAN incoming feasibility
Result: NOTE Maintainer: ‘Shan Gao <gao_shan@mail.nankai.edu.cn>’ No Authors@R field in DESCRIPTION. Please add one, modifying Authors@R: c(person(given = "Zhenfeng", family = "Wu", role = "aut"), person(given = "Shan", family = "Gao", role = c("aut", "cre"), email = "gao_shan@mail.nankai.edu.cn")) as necessary. Flavors: r-devel-linux-x86_64-debian-clang, r-devel-linux-x86_64-debian-gcc