Last updated on 2025-05-04 02:50:12 CEST.
Flavor | Version | Tinstall | Tcheck | Ttotal | Status | Flags |
---|---|---|---|---|---|---|
r-devel-linux-x86_64-debian-clang | 1.0.2 | 1.95 | 18.93 | 20.88 | NOTE | |
r-devel-linux-x86_64-debian-gcc | 1.0.2 | 1.46 | 15.31 | 16.77 | NOTE | |
r-devel-linux-x86_64-fedora-clang | 1.0.2 | 32.65 | OK | |||
r-devel-linux-x86_64-fedora-gcc | 1.0.2 | 31.36 | OK | |||
r-devel-windows-x86_64 | 1.0.2 | 3.00 | 41.00 | 44.00 | OK | |
r-patched-linux-x86_64 | 1.0.2 | 1.82 | 18.22 | 20.04 | OK | |
r-release-linux-x86_64 | OK | |||||
r-release-macos-arm64 | 1.0.2 | 15.00 | OK | |||
r-release-macos-x86_64 | 1.0.2 | 29.00 | OK | |||
r-release-windows-x86_64 | 1.0.2 | 3.00 | 41.00 | 44.00 | OK | |
r-oldrel-macos-arm64 | 1.0.2 | 14.00 | OK | |||
r-oldrel-macos-x86_64 | 1.0.2 | 20.00 | OK | |||
r-oldrel-windows-x86_64 | 1.0.2 | 2.00 | 40.00 | 42.00 | OK |
Version: 1.0.2
Check: CRAN incoming feasibility
Result: NOTE
Maintainer: ‘Hien D. Nguyen <h.nguyen7@uq.edu.au>’
No Authors@R field in DESCRIPTION.
Please add one, modifying
Authors@R: person(given = c("Hien", "D."),
family = "Nguyen",
role = c("aut", "cre"),
email = "h.nguyen7@uq.edu.au")
as necessary.
Flavors: r-devel-linux-x86_64-debian-clang, r-devel-linux-x86_64-debian-gcc