Last updated on 2024-07-27 01:53:18 CEST.
Flavor | Version | Tinstall | Tcheck | Ttotal | Status | Flags |
---|---|---|---|---|---|---|
r-devel-linux-x86_64-debian-clang | 1.0.0 | 2.94 | 417.49 | 420.43 | NOTE | |
r-devel-linux-x86_64-debian-gcc | 1.0.0 | 2.81 | 285.81 | 288.62 | NOTE | |
r-devel-linux-x86_64-fedora-clang | 1.0.0 | 485.04 | NOTE | |||
r-devel-linux-x86_64-fedora-gcc | 1.0.0 | 478.43 | NOTE | |||
r-devel-windows-x86_64 | 1.0.0 | 5.00 | 255.00 | 260.00 | NOTE | |
r-patched-linux-x86_64 | 1.0.0 | NOTE | ||||
r-release-linux-x86_64 | 1.0.0 | 2.41 | 392.88 | 395.29 | NOTE | |
r-release-macos-arm64 | 1.0.0 | 124.00 | NOTE | |||
r-release-macos-x86_64 | 1.0.0 | 190.00 | NOTE | |||
r-release-windows-x86_64 | 1.0.0 | 5.00 | 245.00 | 250.00 | NOTE | |
r-oldrel-macos-arm64 | 1.0.0 | 124.00 | NOTE | |||
r-oldrel-macos-x86_64 | 1.0.0 | 223.00 | NOTE | |||
r-oldrel-windows-x86_64 | 1.0.0 | 6.00 | 361.00 | 367.00 | NOTE |
Version: 1.0.0
Check: LazyData
Result: NOTE
'LazyData' is specified without a 'data' directory
Flavors: r-devel-linux-x86_64-debian-clang, r-devel-linux-x86_64-debian-gcc, r-devel-linux-x86_64-fedora-clang, r-devel-linux-x86_64-fedora-gcc, r-devel-windows-x86_64, r-patched-linux-x86_64, r-release-linux-x86_64, r-release-macos-arm64, r-release-macos-x86_64, r-release-windows-x86_64, r-oldrel-macos-arm64, r-oldrel-macos-x86_64, r-oldrel-windows-x86_64