Last updated on 2024-07-27 01:53:18 CEST.
Flavor | Version | Tinstall | Tcheck | Ttotal | Status | Flags |
---|---|---|---|---|---|---|
r-devel-linux-x86_64-debian-clang | 0.9.3 | 10.65 | 120.96 | 131.61 | OK | |
r-devel-linux-x86_64-debian-gcc | 0.9.3 | 7.01 | 92.11 | 99.12 | NOTE | |
r-devel-linux-x86_64-fedora-clang | 0.9.3 | 162.56 | OK | |||
r-devel-linux-x86_64-fedora-gcc | 0.9.3 | 167.56 | OK | |||
r-devel-windows-x86_64 | 0.9.3 | 10.00 | 103.00 | 113.00 | NOTE | |
r-patched-linux-x86_64 | 0.9.3 | OK | ||||
r-release-linux-x86_64 | 0.9.3 | 9.09 | 118.12 | 127.21 | OK | |
r-release-macos-arm64 | 0.9.3 | 46.00 | OK | |||
r-release-macos-x86_64 | 0.9.3 | 69.00 | OK | |||
r-release-windows-x86_64 | 0.9.3 | 9.00 | 99.00 | 108.00 | OK | |
r-oldrel-macos-arm64 | 0.9.3 | 49.00 | OK | |||
r-oldrel-macos-x86_64 | 0.9.3 | 121.00 | OK | |||
r-oldrel-windows-x86_64 | 0.9.3 | 11.00 | 123.00 | 134.00 | OK |
Version: 0.9.3
Check: Rd cross-references
Result: NOTE
Found the following Rd file(s) with Rd \link{} targets missing package
anchors:
onestep.Rd: mledist, gofstat, plotdist, cdfcomp, denscomp, qqcomp,
ppcomp, fitdist
Please provide package anchors for all Rd \link{} targets not in the
package itself and the base packages.
Flavors: r-devel-linux-x86_64-debian-gcc, r-devel-windows-x86_64