Last updated on 2025-05-07 01:50:05 CEST.
Flavor | Version | Tinstall | Tcheck | Ttotal | Status | Flags |
---|---|---|---|---|---|---|
r-devel-linux-x86_64-debian-clang | 1.1-0 | 2.91 | 38.36 | 41.27 | NOTE | |
r-devel-linux-x86_64-debian-gcc | 1.1-0 | 1.91 | 29.85 | 31.76 | NOTE | |
r-devel-linux-x86_64-fedora-clang | 1.1-0 | 63.68 | NOTE | |||
r-devel-linux-x86_64-fedora-gcc | 1.1-0 | 76.94 | NOTE | |||
r-devel-windows-x86_64 | 1.1-0 | 3.00 | 88.00 | 91.00 | NOTE | |
r-patched-linux-x86_64 | 1.1-0 | 3.33 | 37.44 | 40.77 | NOTE | |
r-release-linux-x86_64 | 1.1-0 | 2.73 | 37.14 | 39.87 | NOTE | |
r-release-macos-arm64 | 1.1-0 | 29.00 | NOTE | |||
r-release-macos-x86_64 | 1.1-0 | 57.00 | NOTE | |||
r-release-windows-x86_64 | 1.1-0 | 4.00 | 91.00 | 95.00 | NOTE | |
r-oldrel-macos-arm64 | 1.1-0 | 28.00 | NOTE | |||
r-oldrel-macos-x86_64 | 1.1-0 | 44.00 | NOTE | |||
r-oldrel-windows-x86_64 | 1.1-0 | 3.00 | 85.00 | 88.00 | NOTE |
Version: 1.1-0
Check: Rd files
Result: NOTE
checkRd: (-1) one_sample.Rd:40: Lost braces; missing escapes or markup?
40 | In two sided or one sided interval estimation of \code{sigma^2} of one normal sample, {side} is a parameter used to control whether to compute two sided or one sided interval estimation. When computing the one sided upper limit, input \code{side = -1}; when computing the one sided lower limit, input \code{side = 1}; when computing the two sided limits, input \code{side = 0} (default).
| ^
Flavors: r-devel-linux-x86_64-debian-clang, r-devel-linux-x86_64-debian-gcc, r-devel-linux-x86_64-fedora-clang, r-devel-linux-x86_64-fedora-gcc, r-devel-windows-x86_64, r-patched-linux-x86_64, r-release-linux-x86_64, r-release-macos-arm64, r-release-macos-x86_64, r-release-windows-x86_64, r-oldrel-macos-arm64, r-oldrel-macos-x86_64, r-oldrel-windows-x86_64