Last updated on 2025-11-16 01:49:24 CET.
| Flavor | Version | Tinstall | Tcheck | Ttotal | Status | Flags |
|---|---|---|---|---|---|---|
| r-devel-linux-x86_64-debian-clang | 0.2-18 | 8.76 | 82.48 | 91.24 | OK | |
| r-devel-linux-x86_64-debian-gcc | 0.2-18 | 6.54 | 58.86 | 65.40 | NOTE | |
| r-devel-linux-x86_64-fedora-clang | 0.2-18 | 21.00 | 120.48 | 141.48 | OK | |
| r-devel-linux-x86_64-fedora-gcc | 0.2-18 | 19.00 | 115.03 | 134.03 | OK | |
| r-devel-windows-x86_64 | 0.2-18 | 13.00 | 93.00 | 106.00 | OK | |
| r-patched-linux-x86_64 | 0.2-18 | 8.72 | 76.79 | 85.51 | OK | |
| r-release-linux-x86_64 | 0.2-18 | 8.45 | 76.88 | 85.33 | OK | |
| r-release-macos-arm64 | 0.2-18 | 3.00 | 34.00 | 37.00 | OK | |
| r-release-macos-x86_64 | 0.2-18 | 6.00 | 58.00 | 64.00 | OK | |
| r-release-windows-x86_64 | 0.2-18 | 11.00 | 94.00 | 105.00 | OK | |
| r-oldrel-macos-arm64 | 0.2-18 | 3.00 | 37.00 | 40.00 | OK | |
| r-oldrel-macos-x86_64 | 0.2-18 | 6.00 | 58.00 | 64.00 | OK | |
| r-oldrel-windows-x86_64 | 0.2-18 | 14.00 | 115.00 | 129.00 | OK |
Version: 0.2-18
Check: CRAN incoming feasibility
Result: NOTE
Maintainer: ‘Pasquale Scordino <scordino.pasquale@gmail.com>’
The BugReports field in DESCRIPTION has
https://github.com/Arpapiemonte/openoise-analysis/issues/
which should likely be
https://github.com/Arpapiemonte/openoise-analysis/issues/issues
instead.
Flavor: r-devel-linux-x86_64-debian-gcc