Last updated on 2024-07-27 01:53:18 CEST.
Flavor | Version | Tinstall | Tcheck | Ttotal | Status | Flags |
---|---|---|---|---|---|---|
r-devel-linux-x86_64-debian-clang | 0.2-10 | 4.17 | 30.69 | 34.86 | NOTE | |
r-devel-linux-x86_64-debian-gcc | 0.2-10 | 3.18 | 23.25 | 26.43 | NOTE | |
r-devel-linux-x86_64-fedora-clang | 0.2-10 | 37.05 | NOTE | |||
r-devel-linux-x86_64-fedora-gcc | 0.2-10 | 36.49 | NOTE | |||
r-patched-linux-x86_64 | 0.2-10 | NOTE | ||||
r-release-linux-x86_64 | 0.2-10 | 3.23 | 30.70 | 33.93 | NOTE | |
r-release-macos-arm64 | 0.2-10 | 16.00 | NOTE | |||
r-release-macos-x86_64 | 0.2-10 | 21.00 | NOTE | |||
r-release-windows-x86_64 | 0.2-10 | 18.00 | 42.00 | 60.00 | NOTE | |
r-oldrel-macos-arm64 | 0.2-10 | 21.00 | NOTE | |||
r-oldrel-macos-x86_64 | 0.2-10 | 34.00 | NOTE | |||
r-oldrel-windows-x86_64 | 0.2-10 | 19.00 | 31.00 | 50.00 | NOTE |
Version: 0.2-10
Check: DESCRIPTION meta-information
Result: NOTE
License stub is invalid DCF.
Flavors: r-devel-linux-x86_64-debian-clang, r-devel-linux-x86_64-debian-gcc, r-patched-linux-x86_64, r-release-linux-x86_64, r-release-macos-arm64, r-release-macos-x86_64
Version: 0.2-10
Check: for GNU extensions in Makefiles
Result: NOTE
GNU make is a SystemRequirements.
Flavors: r-devel-linux-x86_64-debian-clang, r-devel-linux-x86_64-debian-gcc, r-devel-linux-x86_64-fedora-clang, r-devel-linux-x86_64-fedora-gcc, r-patched-linux-x86_64, r-release-linux-x86_64, r-release-macos-arm64, r-release-macos-x86_64, r-release-windows-x86_64, r-oldrel-macos-arm64, r-oldrel-macos-x86_64, r-oldrel-windows-x86_64
Version: 0.2-10
Check: DESCRIPTION meta-information
Result: NOTE
Licence stub is invalid DCF.
Flavors: r-devel-linux-x86_64-fedora-clang, r-devel-linux-x86_64-fedora-gcc