Last updated on 2025-05-08 01:51:13 CEST.
Flavor | Version | Tinstall | Tcheck | Ttotal | Status | Flags |
---|---|---|---|---|---|---|
r-devel-linux-x86_64-debian-clang | 1.0.3 | 2.07 | 37.22 | 39.29 | NOTE | |
r-devel-linux-x86_64-debian-gcc | 1.0.3 | 1.60 | 26.77 | 28.37 | NOTE | |
r-devel-linux-x86_64-fedora-clang | 1.0.3 | 65.83 | NOTE | |||
r-devel-linux-x86_64-fedora-gcc | 1.0.3 | 60.36 | NOTE | |||
r-devel-windows-x86_64 | 1.0.3 | 3.00 | 54.00 | 57.00 | NOTE | |
r-patched-linux-x86_64 | 1.0.3 | 2.43 | 35.33 | 37.76 | NOTE | |
r-release-linux-x86_64 | 1.0.3 | 2.01 | 35.67 | 37.68 | NOTE | |
r-release-macos-arm64 | 1.0.3 | 21.00 | NOTE | |||
r-release-macos-x86_64 | 1.0.3 | 38.00 | NOTE | |||
r-release-windows-x86_64 | 1.0.3 | 3.00 | 55.00 | 58.00 | NOTE | |
r-oldrel-macos-arm64 | 1.0.3 | 20.00 | NOTE | |||
r-oldrel-macos-x86_64 | 1.0.3 | 28.00 | NOTE | |||
r-oldrel-windows-x86_64 | 1.0.3 | 3.00 | 53.00 | 56.00 | NOTE |
Version: 1.0.3
Check: CRAN incoming feasibility
Result: NOTE
Maintainer: ‘Kaspar Rufibach <kaspar.rufibach@gmail.com>’
No Authors@R field in DESCRIPTION.
Please add one, modifying
Authors@R: c(person(given = "Fadoua",
family = "Balabdaoui",
role = "aut"),
person(given = "Kaspar",
family = "Rufibach",
role = c("aut", "cre"),
email = "kaspar.rufibach@gmail.com"),
person(given = "Filippo",
family = "Santambrogio",
role = "aut"))
as necessary.
Flavors: r-devel-linux-x86_64-debian-clang, r-devel-linux-x86_64-debian-gcc
Version: 1.0.3
Check: Rd files
Result: NOTE
checkRd: (-1) minK.Rd:11: Lost braces in \itemize; meant \describe ?
checkRd: (-1) minK.Rd:13: Lost braces in \itemize; meant \describe ?
checkRd: (-1) minK.Rd:15: Lost braces in \itemize; meant \describe ?
Flavors: r-devel-linux-x86_64-debian-clang, r-devel-linux-x86_64-debian-gcc, r-devel-linux-x86_64-fedora-clang, r-devel-linux-x86_64-fedora-gcc, r-devel-windows-x86_64, r-patched-linux-x86_64, r-release-linux-x86_64, r-release-macos-arm64, r-release-macos-x86_64, r-release-windows-x86_64, r-oldrel-macos-arm64, r-oldrel-macos-x86_64, r-oldrel-windows-x86_64