CRAN Package Check Results for Package PAFit

Last updated on 2025-05-06 02:50:27 CEST.

Flavor Version Tinstall Tcheck Ttotal Status Flags
r-devel-linux-x86_64-debian-clang 1.2.10 30.49 233.27 263.76 NOTE
r-devel-linux-x86_64-debian-gcc 1.2.10 21.82 162.23 184.05 NOTE
r-devel-linux-x86_64-fedora-clang 1.2.10 382.66 OK
r-devel-linux-x86_64-fedora-gcc 1.2.10 391.83 OK
r-devel-windows-x86_64 1.2.10 38.00 213.00 251.00 NOTE
r-patched-linux-x86_64 1.2.10 32.88 207.82 240.70 NOTE
r-release-linux-x86_64 1.2.10 31.72 206.06 237.78 NOTE
r-release-macos-arm64 1.2.10 99.00 OK
r-release-macos-x86_64 1.2.10 195.00 OK
r-release-windows-x86_64 1.2.10 36.00 216.00 252.00 NOTE
r-oldrel-macos-arm64 1.2.10 101.00 OK
r-oldrel-macos-x86_64 1.2.10 147.00 OK
r-oldrel-windows-x86_64 1.2.10 46.00 277.00 323.00 OK

Check Details

Version: 1.2.10
Check: CRAN incoming feasibility
Result: NOTE Maintainer: ‘Thong Pham <thongphamthe@gmail.com>’ No Authors@R field in DESCRIPTION. Please add one, modifying Authors@R: c(person(given = "Thong", family = "Pham", role = c("aut", "cre"), email = "thongphamthe@gmail.com"), person(given = "Paul", family = "Sheridan", role = "aut"), person(given = "Hidetoshi", family = "Shimodaira", role = "aut")) as necessary. Flavors: r-devel-linux-x86_64-debian-clang, r-devel-linux-x86_64-debian-gcc

Version: 1.2.10
Check: Rd cross-references
Result: NOTE Found the following Rd file(s) with Rd \link{} targets missing package anchors: plot.PAFit_net.Rd: plot.network.default Please provide package anchors for all Rd \link{} targets not in the package itself and the base packages. Flavors: r-devel-linux-x86_64-debian-clang, r-devel-linux-x86_64-debian-gcc, r-devel-windows-x86_64, r-patched-linux-x86_64, r-release-linux-x86_64, r-release-windows-x86_64