Last updated on 2024-07-27 01:53:19 CEST.
Flavor | Version | Tinstall | Tcheck | Ttotal | Status | Flags |
---|---|---|---|---|---|---|
r-devel-linux-x86_64-debian-clang | 1.1.1 | 55.94 | 49.50 | 105.44 | OK | |
r-devel-linux-x86_64-debian-gcc | 1.1.1 | 41.57 | 36.72 | 78.29 | OK | |
r-devel-linux-x86_64-fedora-clang | 1.1.1 | 149.51 | OK | |||
r-devel-linux-x86_64-fedora-gcc | 1.1.1 | 165.22 | OK | |||
r-devel-windows-x86_64 | 1.1.0 | 49.00 | 72.00 | 121.00 | OK | |
r-patched-linux-x86_64 | 1.1.1 | OK | ||||
r-release-linux-x86_64 | 1.1.0 | 49.56 | 41.59 | 91.15 | OK | |
r-release-macos-arm64 | 1.1.1 | 40.00 | NOTE | |||
r-release-macos-x86_64 | 1.1.1 | 108.00 | NOTE | |||
r-release-windows-x86_64 | 1.1.1 | 54.00 | 76.00 | 130.00 | OK | |
r-oldrel-macos-arm64 | 1.1.1 | 42.00 | NOTE | |||
r-oldrel-macos-x86_64 | 1.1.1 | 80.00 | NOTE | |||
r-oldrel-windows-x86_64 | 1.1.1 | 46.00 | 99.00 | 145.00 | OK |
Version: 1.1.1
Check: installed package size
Result: NOTE
installed size is 6.9Mb
sub-directories of 1Mb or more:
libs 6.6Mb
Flavors: r-release-macos-arm64, r-release-macos-x86_64, r-oldrel-macos-arm64, r-oldrel-macos-x86_64