Last updated on 2024-07-27 01:53:19 CEST.
Flavor | Version | Tinstall | Tcheck | Ttotal | Status | Flags |
---|---|---|---|---|---|---|
r-devel-linux-x86_64-debian-clang | 1.2.14 | 35.69 | 292.96 | 328.65 | OK | |
r-devel-linux-x86_64-debian-gcc | 1.2.14 | 21.58 | 215.15 | 236.73 | NOTE | |
r-devel-linux-x86_64-fedora-clang | 1.2.14 | 426.81 | OK | |||
r-devel-linux-x86_64-fedora-gcc | 1.2.14 | 416.25 | OK | |||
r-devel-windows-x86_64 | 1.2.14 | 26.00 | 217.00 | 243.00 | NOTE | |
r-patched-linux-x86_64 | 1.2.14 | OK | ||||
r-release-linux-x86_64 | 1.2.14 | 26.33 | 276.94 | 303.27 | OK | |
r-release-macos-arm64 | 1.2.14 | 99.00 | OK | |||
r-release-macos-x86_64 | 1.2.14 | 177.00 | OK | |||
r-release-windows-x86_64 | 1.2.14 | 25.00 | 218.00 | 243.00 | OK | |
r-oldrel-macos-arm64 | 1.2.14 | 104.00 | OK | |||
r-oldrel-macos-x86_64 | 1.2.14 | 222.00 | OK | |||
r-oldrel-windows-x86_64 | 1.2.14 | 35.00 | 283.00 | 318.00 | OK |
Version: 1.2.14
Check: Rd cross-references
Result: NOTE
Found the following Rd file(s) with Rd \link{} targets missing package
anchors:
PCMOptions.Rd: vcv
PCMTreeVCV.Rd: vcv
Please provide package anchors for all Rd \link{} targets not in the
package itself and the base packages.
Flavors: r-devel-linux-x86_64-debian-gcc, r-devel-windows-x86_64