Last updated on 2025-05-04 02:50:13 CEST.
Flavor | Version | Tinstall | Tcheck | Ttotal | Status | Flags |
---|---|---|---|---|---|---|
r-devel-linux-x86_64-debian-clang | 2.7.2 | 5.56 | 56.76 | 62.32 | NOTE | |
r-devel-linux-x86_64-debian-gcc | 2.7.2 | 5.49 | 42.28 | 47.77 | NOTE | |
r-devel-linux-x86_64-fedora-clang | 2.7.2 | 99.62 | OK | |||
r-devel-linux-x86_64-fedora-gcc | 2.7.2 | 95.04 | OK | |||
r-devel-windows-x86_64 | 2.7.2 | 8.00 | 82.00 | 90.00 | OK | |
r-patched-linux-x86_64 | 2.7.2 | 6.33 | 54.63 | 60.96 | OK | |
r-release-linux-x86_64 | OK | |||||
r-release-macos-arm64 | 2.7.2 | 36.00 | OK | |||
r-release-macos-x86_64 | 2.7.2 | 58.00 | OK | |||
r-release-windows-x86_64 | 2.7.2 | 8.00 | 70.00 | 78.00 | OK | |
r-oldrel-macos-arm64 | 2.7.2 | 31.00 | OK | |||
r-oldrel-macos-x86_64 | 2.7.2 | 46.00 | OK | |||
r-oldrel-windows-x86_64 | 2.7.2 | 11.00 | 83.00 | 94.00 | OK |
Version: 2.7.2
Check: CRAN incoming feasibility
Result: NOTE
Maintainer: ‘Kristof Meers <kristof.meers+cran@kuleuven.be>’
No Authors@R field in DESCRIPTION.
Please add one, modifying
Authors@R: c(person(given = "Marlies",
family = "Vervloet",
role = c("aut", "cre")),
person(given = "Henk",
family = "Kiers",
role = "aut"),
person(given = "Eva",
family = "Ceulemans",
role = "ctb"),
person(given = "Kristof",
family = "Meers",
role = "cre",
email = "kristof.meers+cran@kuleuven.be"))
as necessary.
Flavors: r-devel-linux-x86_64-debian-clang, r-devel-linux-x86_64-debian-gcc