Last updated on 2025-05-04 02:50:13 CEST.
Flavor | Version | Tinstall | Tcheck | Ttotal | Status | Flags |
---|---|---|---|---|---|---|
r-devel-linux-x86_64-debian-clang | 4.5 | 23.74 | 37.29 | 61.03 | NOTE | |
r-devel-linux-x86_64-debian-gcc | 4.5 | 15.84 | 27.66 | 43.50 | NOTE | |
r-devel-linux-x86_64-fedora-clang | 4.5 | 120.08 | OK | |||
r-devel-linux-x86_64-fedora-gcc | 4.5 | 105.59 | OK | |||
r-devel-windows-x86_64 | 4.5 | 32.00 | 83.00 | 115.00 | OK | |
r-patched-linux-x86_64 | 4.5 | 21.49 | 35.17 | 56.66 | OK | |
r-release-linux-x86_64 | OK | |||||
r-release-macos-arm64 | 4.5 | 52.00 | OK | |||
r-release-macos-x86_64 | 4.5 | 66.00 | OK | |||
r-release-windows-x86_64 | 4.5 | 33.00 | 75.00 | 108.00 | OK | |
r-oldrel-macos-arm64 | 4.5 | 38.00 | OK | |||
r-oldrel-macos-x86_64 | 4.5 | 44.00 | OK | |||
r-oldrel-windows-x86_64 | 4.5 | 35.00 | 90.00 | 125.00 | OK |
Version: 4.5
Check: CRAN incoming feasibility
Result: NOTE
Maintainer: ‘Jenny Farmer <jfarmer@carolina.rr.com>’
No Authors@R field in DESCRIPTION.
Please add one, modifying
Authors@R: c(person(given = "Jenny",
family = "Farmer",
role = c("aut", "cre"),
email = "jfarmer@carolina.rr.com"),
person(given = "Donald",
family = "Jacobs",
role = "aut",
email = "djacobs1@uncc.ecu"))
as necessary.
Flavors: r-devel-linux-x86_64-debian-clang, r-devel-linux-x86_64-debian-gcc