Last updated on 2025-11-13 01:50:29 CET.
| Flavor | Version | Tinstall | Tcheck | Ttotal | Status | Flags |
|---|---|---|---|---|---|---|
| r-devel-linux-x86_64-debian-clang | 1.0.1 | 30.11 | 364.76 | 394.87 | OK | |
| r-devel-linux-x86_64-debian-gcc | 1.0.1 | 22.18 | 240.75 | 262.93 | OK | |
| r-devel-linux-x86_64-fedora-clang | 1.0.1 | 56.00 | 532.90 | 588.90 | OK | |
| r-devel-linux-x86_64-fedora-gcc | 1.0.1 | 63.00 | 520.06 | 583.06 | OK | |
| r-devel-windows-x86_64 | 1.0.1 | 30.00 | 253.00 | 283.00 | OK | |
| r-patched-linux-x86_64 | 1.0.1 | 29.93 | 346.40 | 376.33 | OK | |
| r-release-linux-x86_64 | 1.0.1 | 27.14 | 343.44 | 370.58 | OK | |
| r-release-macos-arm64 | 1.0.1 | 20.00 | 120.00 | 140.00 | OK | |
| r-release-macos-x86_64 | 1.0.1 | 27.00 | 243.00 | 270.00 | OK | |
| r-release-windows-x86_64 | 1.0.1 | 32.00 | 263.00 | 295.00 | OK | |
| r-oldrel-macos-arm64 | 1.0.1 | 19.00 | 130.00 | 149.00 | NOTE | |
| r-oldrel-macos-x86_64 | 1.0.1 | 28.00 | 267.00 | 295.00 | NOTE | |
| r-oldrel-windows-x86_64 | 1.0.1 | 43.00 | 413.00 | 456.00 | OK |
Version: 1.0.1
Check: installed package size
Result: NOTE
installed size is 5.3Mb
sub-directories of 1Mb or more:
R 4.1Mb
Flavors: r-oldrel-macos-arm64, r-oldrel-macos-x86_64