Last updated on 2025-05-05 01:50:56 CEST.
Flavor | Version | Tinstall | Tcheck | Ttotal | Status | Flags |
---|---|---|---|---|---|---|
r-devel-linux-x86_64-debian-clang | 0.1.0 | 65.52 | 57.35 | 122.87 | OK | |
r-devel-linux-x86_64-debian-gcc | 0.1.0 | 51.14 | 42.67 | 93.81 | OK | |
r-devel-linux-x86_64-fedora-clang | 0.1.0 | 200.89 | OK | |||
r-devel-linux-x86_64-fedora-gcc | 0.1.0 | 239.11 | OK | |||
r-devel-windows-x86_64 | 0.1.0 | 69.00 | 90.00 | 159.00 | OK | |
r-patched-linux-x86_64 | 0.1.0 | 69.32 | 54.85 | 124.17 | OK | |
r-release-linux-x86_64 | 0.1.0 | 74.00 | 55.74 | 129.74 | OK | |
r-release-macos-arm64 | 0.1.0 | 59.00 | OK | |||
r-release-macos-x86_64 | 0.1.0 | 109.00 | OK | |||
r-release-windows-x86_64 | 0.1.0 | 69.00 | 92.00 | 161.00 | OK | |
r-oldrel-macos-arm64 | 0.1.0 | 57.00 | NOTE | |||
r-oldrel-macos-x86_64 | 0.1.0 | 118.00 | NOTE | |||
r-oldrel-windows-x86_64 | 0.1.0 | 82.00 | 110.00 | 192.00 | OK |
Version: 0.1.0
Check: installed package size
Result: NOTE
installed size is 9.2Mb
sub-directories of 1Mb or more:
libs 8.6Mb
Flavors: r-oldrel-macos-arm64, r-oldrel-macos-x86_64