Last updated on 2024-07-27 01:53:19 CEST.
Flavor | Version | Tinstall | Tcheck | Ttotal | Status | Flags |
---|---|---|---|---|---|---|
r-devel-linux-x86_64-debian-clang | 1.5 | 9.03 | 63.06 | 72.09 | NOTE | |
r-devel-linux-x86_64-debian-gcc | 1.5 | 8.91 | 44.08 | 52.99 | NOTE | |
r-devel-linux-x86_64-fedora-clang | 1.5 | 91.04 | NOTE | |||
r-devel-linux-x86_64-fedora-gcc | 1.5 | 84.36 | NOTE | |||
r-devel-windows-x86_64 | 1.5 | 12.00 | 58.00 | 70.00 | NOTE | |
r-patched-linux-x86_64 | 1.5 | NOTE | ||||
r-release-linux-x86_64 | 1.5 | 10.45 | 56.39 | 66.84 | NOTE | |
r-release-macos-arm64 | 1.5 | 23.00 | NOTE | |||
r-release-macos-x86_64 | 1.5 | 38.00 | NOTE | |||
r-release-windows-x86_64 | 1.5 | 11.00 | 57.00 | 68.00 | NOTE | |
r-oldrel-macos-arm64 | 1.5 | 25.00 | NOTE | |||
r-oldrel-macos-x86_64 | 1.5 | 39.00 | NOTE | |||
r-oldrel-windows-x86_64 | 1.5 | 13.00 | 68.00 | 81.00 | NOTE |
Version: 1.5
Check: LazyData
Result: NOTE
'LazyData' is specified without a 'data' directory
Flavors: r-devel-linux-x86_64-debian-clang, r-devel-linux-x86_64-debian-gcc, r-devel-linux-x86_64-fedora-clang, r-devel-linux-x86_64-fedora-gcc, r-devel-windows-x86_64, r-patched-linux-x86_64, r-release-linux-x86_64, r-release-macos-arm64, r-release-macos-x86_64, r-release-windows-x86_64, r-oldrel-macos-arm64, r-oldrel-macos-x86_64, r-oldrel-windows-x86_64