Last updated on 2025-05-07 01:50:06 CEST.
Flavor | Version | Tinstall | Tcheck | Ttotal | Status | Flags |
---|---|---|---|---|---|---|
r-devel-linux-x86_64-debian-clang | 1.2 | 2.11 | 22.76 | 24.87 | NOTE | |
r-devel-linux-x86_64-debian-gcc | 1.2 | 1.70 | 17.58 | 19.28 | NOTE | |
r-devel-linux-x86_64-fedora-clang | 1.2 | 38.28 | OK | |||
r-devel-linux-x86_64-fedora-gcc | 1.2 | 36.71 | OK | |||
r-devel-windows-x86_64 | 1.2 | 2.00 | 39.00 | 41.00 | OK | |
r-patched-linux-x86_64 | 1.2 | 2.30 | 21.37 | 23.67 | OK | |
r-release-linux-x86_64 | 1.2 | 1.92 | 21.60 | 23.52 | OK | |
r-release-macos-arm64 | 1.2 | 18.00 | OK | |||
r-release-macos-x86_64 | 1.2 | 25.00 | OK | |||
r-release-windows-x86_64 | 1.2 | 2.00 | 39.00 | 41.00 | OK | |
r-oldrel-macos-arm64 | 1.2 | 17.00 | OK | |||
r-oldrel-macos-x86_64 | 1.2 | 22.00 | OK | |||
r-oldrel-windows-x86_64 | 1.2 | 3.00 | 39.00 | 42.00 | OK |
Version: 1.2
Check: CRAN incoming feasibility
Result: NOTE
Maintainer: ‘Zhi Wei <zhiwei04@gmail.com>’
No Authors@R field in DESCRIPTION.
Please add one, modifying
Authors@R: c(person(given = c("Zhi", "Wei", "&", "Wenguang"),
family = "Sun",
role = "aut"),
person(given = "Zhi",
family = "Wei",
role = "cre",
email = "zhiwei04@gmail.com"))
as necessary.
Flavors: r-devel-linux-x86_64-debian-clang, r-devel-linux-x86_64-debian-gcc