Last updated on 2025-05-07 01:50:06 CEST.
Flavor | Version | Tinstall | Tcheck | Ttotal | Status | Flags |
---|---|---|---|---|---|---|
r-devel-linux-x86_64-debian-clang | 1.4 | 6.42 | 60.19 | 66.61 | NOTE | |
r-devel-linux-x86_64-debian-gcc | 1.4 | 3.95 | 37.86 | 41.81 | NOTE | |
r-devel-linux-x86_64-fedora-clang | 1.4 | 101.26 | OK | |||
r-devel-linux-x86_64-fedora-gcc | 1.4 | 98.65 | OK | |||
r-devel-windows-x86_64 | 1.4 | 6.00 | 77.00 | 83.00 | OK | |
r-patched-linux-x86_64 | 1.4 | 7.06 | 54.31 | 61.37 | OK | |
r-release-linux-x86_64 | 1.4 | 5.57 | 54.11 | 59.68 | OK | |
r-release-macos-arm64 | 1.4 | 32.00 | OK | |||
r-release-macos-x86_64 | 1.4 | 51.00 | OK | |||
r-release-windows-x86_64 | 1.4 | 7.00 | 75.00 | 82.00 | OK | |
r-oldrel-macos-arm64 | 1.4 | 32.00 | OK | |||
r-oldrel-macos-x86_64 | 1.4 | 45.00 | OK | |||
r-oldrel-windows-x86_64 | 1.4 | 6.00 | 75.00 | 81.00 | OK |
Version: 1.4
Check: CRAN incoming feasibility
Result: NOTE
Maintainer: ‘Ana Lopez-Cheda <ana.lopez.cheda@udc.es>’
No Authors@R field in DESCRIPTION.
Please add one, modifying
Authors@R: c(person(given = c("German", "Aneiros"),
family = "Perez",
role = "aut"),
person(given = "Ana",
family = "Lopez-Cheda",
role = c("aut", "cre"),
email = "ana.lopez.cheda@udc.es"))
as necessary.
Flavors: r-devel-linux-x86_64-debian-clang, r-devel-linux-x86_64-debian-gcc