Last updated on 2025-02-05 02:48:58 CET.
Flavor | Version | Tinstall | Tcheck | Ttotal | Status | Flags |
---|---|---|---|---|---|---|
r-devel-linux-x86_64-debian-clang | 1.0.0 | 22.63 | 169.30 | 191.93 | NOTE | |
r-devel-linux-x86_64-debian-gcc | 1.0.0 | 17.52 | 122.04 | 139.56 | NOTE | |
r-devel-linux-x86_64-fedora-clang | 1.0.0 | 352.27 | NOTE | |||
r-devel-linux-x86_64-fedora-gcc | 1.0.0 | 338.19 | NOTE | |||
r-devel-windows-x86_64 | 1.0.0 | 28.00 | 227.00 | 255.00 | NOTE | |
r-patched-linux-x86_64 | 1.0.0 | 22.15 | 160.93 | 183.08 | NOTE | |
r-release-linux-x86_64 | 1.0.0 | 23.06 | 159.08 | 182.14 | NOTE | |
r-release-macos-arm64 | 1.0.0 | 117.00 | NOTE | |||
r-release-macos-x86_64 | 1.0.0 | 201.00 | NOTE | |||
r-release-windows-x86_64 | 1.0.0 | 27.00 | 231.00 | 258.00 | NOTE | |
r-oldrel-macos-arm64 | 1.0.0 | 128.00 | NOTE | |||
r-oldrel-macos-x86_64 | 1.0.0 | 240.00 | NOTE | |||
r-oldrel-windows-x86_64 | 1.0.0 | 32.00 | 264.00 | 296.00 | NOTE |
Version: 1.0.0
Check: C++ specification
Result: NOTE
Specified C++11: please drop specification unless essential
Flavors: r-devel-linux-x86_64-debian-clang, r-devel-linux-x86_64-debian-gcc, r-devel-linux-x86_64-fedora-clang, r-devel-linux-x86_64-fedora-gcc, r-devel-windows-x86_64, r-patched-linux-x86_64, r-release-linux-x86_64, r-release-macos-arm64, r-release-macos-x86_64, r-release-windows-x86_64, r-oldrel-macos-arm64, r-oldrel-macos-x86_64, r-oldrel-windows-x86_64
Version: 1.0.0
Check: Rd files
Result: NOTE
checkRd: (-1) PRDA.Rd:8: Lost braces; missing escapes or markup?
8 | Given an hypothetical value of effect size, {PRDA} performs a prospective
| ^
checkRd: (-1) PRDA.Rd:22: Lost braces; missing escapes or markup?
22 | In {PRDA} there are two main functions:
| ^
checkRd: (-1) PRDA.Rd:51: Lost braces; missing escapes or markup?
51 | Alternatively, {PRDA} allows users to specify a distribution of plausible
| ^
Flavors: r-devel-linux-x86_64-debian-clang, r-devel-linux-x86_64-debian-gcc, r-devel-linux-x86_64-fedora-clang, r-devel-linux-x86_64-fedora-gcc, r-devel-windows-x86_64, r-patched-linux-x86_64, r-release-linux-x86_64, r-release-macos-arm64, r-release-macos-x86_64, r-release-windows-x86_64
Version: 1.0.0
Check: LazyData
Result: NOTE
'LazyData' is specified without a 'data' directory
Flavors: r-patched-linux-x86_64, r-release-linux-x86_64, r-release-macos-arm64, r-release-macos-x86_64, r-release-windows-x86_64, r-oldrel-macos-arm64, r-oldrel-macos-x86_64, r-oldrel-windows-x86_64