Last updated on 2025-11-20 02:49:23 CET.
| Flavor | Version | Tinstall | Tcheck | Ttotal | Status | Flags |
|---|---|---|---|---|---|---|
| r-devel-linux-x86_64-debian-clang | 3.2-6 | 83.39 | 32.50 | 115.89 | NOTE | |
| r-devel-linux-x86_64-debian-gcc | 3.2-6 | 78.46 | 26.90 | 105.36 | NOTE | |
| r-devel-linux-x86_64-fedora-clang | 3.2-6 | 160.00 | 73.03 | 233.03 | NOTE | |
| r-devel-linux-x86_64-fedora-gcc | 3.2-6 | 167.00 | 112.94 | 279.94 | NOTE | |
| r-devel-windows-x86_64 | 3.2-6 | 141.00 | 66.00 | 207.00 | OK | |
| r-patched-linux-x86_64 | 3.2-6 | 119.91 | 30.39 | 150.30 | NOTE | |
| r-release-linux-x86_64 | 3.2-6 | 117.47 | 30.47 | 147.94 | NOTE | |
| r-release-macos-arm64 | 3.2-6 | NOTE | ||||
| r-release-macos-x86_64 | 3.2-6 | 31.00 | 39.00 | 70.00 | NOTE | |
| r-release-windows-x86_64 | 3.2-6 | 121.00 | 65.00 | 186.00 | OK | |
| r-oldrel-macos-arm64 | 3.2-6 | NOTE | ||||
| r-oldrel-macos-x86_64 | 3.2-6 | 23.00 | 31.00 | 54.00 | NOTE | |
| r-oldrel-windows-x86_64 | 3.2-6 | 166.00 | 81.00 | 247.00 | OK |
Version: 3.2-6
Check: compiled code
Result: NOTE
File ‘PRIMME/libs/PRIMME.so’:
Found ‘stdout’, possibly from ‘stdout’ (C)
Object: ‘primme/libprimme.a’
Compiled code should not call entry points which might terminate R nor
write to stdout/stderr instead of to the console, nor use Fortran I/O
nor system RNGs nor [v]sprintf.
See ‘Writing portable packages’ in the ‘Writing R Extensions’ manual.
Flavors: r-devel-linux-x86_64-debian-clang, r-devel-linux-x86_64-debian-gcc, r-devel-linux-x86_64-fedora-clang, r-devel-linux-x86_64-fedora-gcc, r-patched-linux-x86_64, r-release-linux-x86_64
Version: 3.2-6
Check: dependencies in R code
Result: NOTE
Namespace in Imports field not imported from: ‘Matrix’
All declared Imports should be used.
Flavors: r-devel-linux-x86_64-fedora-clang, r-devel-linux-x86_64-fedora-gcc
Version: 3.2-6
Check: compiled code
Result: NOTE
File ‘PRIMME/libs/PRIMME.so’:
Found ‘___stdoutp’, possibly from ‘stdout’ (C)
Object: ‘primme/libprimme.a’
Compiled code should not call entry points which might terminate R nor
write to stdout/stderr instead of to the console, nor use Fortran I/O
nor system RNGs nor [v]sprintf.
See ‘Writing portable packages’ in the ‘Writing R Extensions’ manual.
Flavors: r-release-macos-arm64, r-release-macos-x86_64
Version: 3.2-6
Check: installed package size
Result: NOTE
installed size is 7.0Mb
sub-directories of 1Mb or more:
libs 6.8Mb
Flavors: r-oldrel-macos-arm64, r-oldrel-macos-x86_64