Last updated on 2024-07-27 01:53:20 CEST.
Flavor | Version | Tinstall | Tcheck | Ttotal | Status | Flags |
---|---|---|---|---|---|---|
r-devel-linux-x86_64-debian-clang | 0.2.4 | 7.15 | 83.25 | 90.40 | OK | |
r-devel-linux-x86_64-debian-gcc | 0.2.4 | 4.47 | 61.80 | 66.27 | OK | |
r-devel-linux-x86_64-fedora-clang | 0.2.4 | 110.19 | NOTE | |||
r-devel-linux-x86_64-fedora-gcc | 0.2.4 | 124.56 | OK | |||
r-devel-windows-x86_64 | 0.2.4 | 7.00 | 91.00 | 98.00 | OK | |
r-patched-linux-x86_64 | 0.2.4 | OK | ||||
r-release-linux-x86_64 | 0.2.4 | 6.79 | 79.89 | 86.68 | OK | |
r-release-macos-arm64 | 0.2.4 | 44.00 | OK | |||
r-release-macos-x86_64 | 0.2.4 | 97.00 | OK | |||
r-release-windows-x86_64 | 0.2.4 | 6.00 | 89.00 | 95.00 | OK | |
r-oldrel-macos-arm64 | 0.2.4 | 39.00 | OK | |||
r-oldrel-macos-x86_64 | 0.2.4 | 63.00 | OK | |||
r-oldrel-windows-x86_64 | 0.2.4 | 8.00 | 100.00 | 108.00 | OK |
Version: 0.2.4
Check: Rd cross-references
Result: NOTE
Undeclared package ‘entropy’ in Rd xrefs
Flavor: r-devel-linux-x86_64-fedora-clang